{"id":885,"date":"2020-10-26T11:16:30","date_gmt":"2020-10-26T10:16:30","guid":{"rendered":"https:\/\/www.zeus-braun.sk\/?post_type=product&#038;p=885"},"modified":"2026-04-24T14:06:24","modified_gmt":"2026-04-24T12:06:24","slug":"cokolada-na-pitie-ghana-1kg","status":"publish","type":"product","link":"https:\/\/www.zeus-braun.sk\/index.php\/produkt\/cokolada-na-pitie-ghana-1kg\/","title":{"rendered":"\u010cokol\u00e1da na pitie mlie\u010dna Ghana 40% 1kg (20ks)"},"content":{"rendered":"<p>Mlie\u010dna \u010dokol\u00e1da poch\u00e1dzaj\u00faca z \u010dierneho kontinentu z oblasti rovn\u00edka.<\/p>\n<p>Pln\u00e1, v\u00fdrazn\u00e1 chu\u0165 s v\u00f4\u0148ou lieskov\u00fdch orechov.<\/p>\n<p><strong>Chu\u0165ov\u00fd profil<\/strong><\/p>\n<h4><img decoding=\"async\" src=\"http:\/\/www.cokolady.sk\/shop\/image\/catalog\/Taste\/ghanaa.png\" \/><\/h4>\n<div><b>Podmienky skladovania<\/b><\/div>\n<div>Produkt skladujte v \u010distom a suchom prostred\u00ed (relat\u00edvna vlhkos\u0165 vzduchu max. 70%) a bez z\u00e1pachu.<\/div>\n<div>Skladovacia teplota: 12 &#8211; 20\u00b0C<\/div>\n<div><\/div>\n<p>Na\u0161e hodnoty<\/p>\n<p>Odoln\u00fd duch, rafinovan\u00e9 zmysly. S odvahou a vizion\u00e1rskym in\u0161tinktom.<\/p>\n<p>Charles Barry polo\u017eil z\u00e1klady dne\u0161nej kakaovej a \u010dokol\u00e1dovej infra\u0161trukt\u00fary.<\/p>\n<p>Toto jeho odhodlanie mo\u017eno st\u00e1le n\u00e1js\u0165 aj u na\u0161ich \u013eud\u00ed, ktor\u00ed pokra\u010duj\u00fa v jeho za\u010datej ceste. Rovnako ako na\u0161i z\u00e1kazn\u00edci, aj pestovatelia pou\u017e\u00edvaj\u00fa v\u0161etky svoje zmysly na neust\u00e1le vylep\u0161ovanie techniky a rozv\u00edjanie nov\u00fdch met\u00f3d vo svete kakaa a \u010dokol\u00e1dy, tak aj my neust\u00e1le pracujeme na dosiahnut\u00ed spr\u00e1vnej rovnov\u00e1hy medzi tvrdos\u0165ou a jemnos\u0165ou. Ver\u00edme, \u017ee t\u00e1to rovnov\u00e1ha V\u00e1s bude in\u0161pirova\u0165 a zabezpe\u010d\u00ed na\u0161u spolo\u010dn\u00fa bud\u00facnos\u0165 po nasleduj\u00face desa\u0165ro\u010die.<\/p>\n<p>Na\u0161a misia<\/p>\n<p>Pozna\u0165 kakao, pozna\u0165 \u010dokol\u00e1du. Na\u0161\u00edm poslan\u00edm je prin\u00e1\u0161a\u0165 cel\u00fd pr\u00edbeh \u010dokol\u00e1dy, po\u010dn\u00fac od sam\u00e9ho zdroja: kakaa.<\/p>\n<p>Na\u0161a v\u00edzia<\/p>\n<p>Poh\u00e1\u0148an\u00fd viac ako 170 rokov sk\u00fasenos\u0165ami v oblasti kakaa a \u010dokol\u00e1dy, m\u00e1me hlboko zakorenen\u00e9 pochopenie samotn\u00e9ho po\u010diatku \u010dokol\u00e1dy. To n\u00e1m umo\u017e\u0148uje prinies\u0165 kakao z pozoruhodn\u00fdch miest na svete. Tvrdo pracujeme, aby sme zabezpe\u010dili kakao pre bud\u00face gener\u00e1cie a s chu\u0165ou pracujeme na rozmanitosti kvalitn\u00e9ho kakaa a jemnej \u010dokol\u00e1dy.<\/p>\n","protected":false},"excerpt":{"rendered":"<p>Porcovan\u00e1 \u010dokol\u00e1da balen\u00e1 po 50g, v balen\u00ed je 20 porci\u00ed.<\/p>\n<p>Mlie\u010dna \u010dokol\u00e1da poch\u00e1dzaj\u00faca z \u010dierneho kontinentu z oblasti rovn\u00edka. Pln\u00e1, v\u00fdrazn\u00e1 chu\u0165 s v\u00f4\u0148ou lieskov\u00fdch orechov.<\/p>\n<p><strong>Balenie: drobn\u00e9 kvap\u00f4\u010dky (Callets) 1 kg (20 x 50g)<\/strong><\/p>\n<div><\/div>\n<div><\/div>\n<p>&nbsp;<\/p>\n<p>&nbsp;<\/p>\n","protected":false},"featured_media":11139,"comment_status":"closed","ping_status":"closed","template":"","meta":[],"product_brand":[],"product_cat":[240,59,69],"product_tag":[57],"class_list":{"0":"post-885","1":"product","2":"type-product","3":"status-publish","4":"has-post-thumbnail","6":"product_cat-240","7":"product_cat-cokolada-callebaut","8":"product_cat-horuca-cokolada","9":"product_tag-barry-callebaut","10":"has-post-title","11":"has-post-date","12":"has-post-category","13":"has-post-tag","14":"has-post-comment","15":"has-post-author","16":"","18":"first","19":"outofstock","20":"taxable","21":"shipping-taxable","22":"purchasable","23":"product-type-simple"},"jetpack_sharing_enabled":true,"builder_content":"","_links":{"self":[{"href":"https:\/\/www.zeus-braun.sk\/index.php\/wp-json\/wp\/v2\/product\/885","targetHints":{"allow":["GET"]}}],"collection":[{"href":"https:\/\/www.zeus-braun.sk\/index.php\/wp-json\/wp\/v2\/product"}],"about":[{"href":"https:\/\/www.zeus-braun.sk\/index.php\/wp-json\/wp\/v2\/types\/product"}],"replies":[{"embeddable":true,"href":"https:\/\/www.zeus-braun.sk\/index.php\/wp-json\/wp\/v2\/comments?post=885"}],"wp:featuredmedia":[{"embeddable":true,"href":"https:\/\/www.zeus-braun.sk\/index.php\/wp-json\/wp\/v2\/media\/11139"}],"wp:attachment":[{"href":"https:\/\/www.zeus-braun.sk\/index.php\/wp-json\/wp\/v2\/media?parent=885"}],"wp:term":[{"taxonomy":"product_brand","embeddable":true,"href":"https:\/\/www.zeus-braun.sk\/index.php\/wp-json\/wp\/v2\/product_brand?post=885"},{"taxonomy":"product_cat","embeddable":true,"href":"https:\/\/www.zeus-braun.sk\/index.php\/wp-json\/wp\/v2\/product_cat?post=885"},{"taxonomy":"product_tag","embeddable":true,"href":"https:\/\/www.zeus-braun.sk\/index.php\/wp-json\/wp\/v2\/product_tag?post=885"}],"curies":[{"name":"wp","href":"https:\/\/api.w.org\/{rel}","templated":true}]}}