{"id":651,"date":"2020-10-15T14:43:31","date_gmt":"2020-10-15T12:43:31","guid":{"rendered":"https:\/\/www.zeus-braun.sk\/?post_type=product&#038;p=651"},"modified":"2026-04-24T14:07:02","modified_gmt":"2026-04-24T12:07:02","slug":"obal-na-lizatka","status":"publish","type":"product","link":"https:\/\/www.zeus-braun.sk\/index.php\/produkt\/obal-na-lizatka\/","title":{"rendered":"Obal na l\u00edzatk\u00e1 7x7cm"},"content":{"rendered":"<div class=\"col-sm-8\">\n<div class=\"tab-content\">\n<div id=\"tab-description\" class=\"tab-pane active\">\n<p>Na mieru vyroben\u00fd obal na l\u00edzatk\u00e1, pre<a href=\"http:\/\/www.cokolady.sk\/shop\/index.php?route=product\/product&amp;path=100_101&amp;product_id=353\" target=\"_blank\" rel=\"noopener noreferrer\">\u00a0l\u00edzatkov\u00e9 formy<\/a><span class=\"Apple-converted-space\">\u00a0<\/span>od IBC Belgium.<\/p>\n<p>Prieh\u013eadn\u00e9 f\u00f3liov\u00e9 \u0161tvorcov\u00e9 vrec\u00fa\u0161ko s ob\u00e1lkov\u00fdm zatv\u00e1ran\u00edm s integrovan\u00e1\u00fdm lepiacim p\u00e1sikom. Jednoduch\u00e9 na pou\u017eitie. Sta\u010d\u00ed nastrihn\u00fa\u0165 po\u017eadovan\u00fd otvor na pali\u010dku v jednom z rohov vrecka, alebo pou\u017ei\u0165 vrecko na balenie in\u00fdch \u010dokol\u00e1dov\u00fdch v\u00fdrobkov (napr\u00edklad duk\u00e1tikov) bez nutnosti nastrih\u00e1vania.<\/p>\n<\/div>\n<\/div>\n<\/div>\n<div class=\"col-sm-4\">\n<div class=\"btn-group\"><\/div>\n<\/div>\n<p>&nbsp;<\/p>\n","protected":false},"excerpt":{"rendered":"<div class=\"col-sm-8\">\n<div class=\"tab-content\">\n<div id=\"tab-description\" class=\"tab-pane active\">\n<p><b>Balenie: s\u00e1\u010dky 200ks (7x7cm)<br \/>\n<\/b><\/p>\n<p>&nbsp;<\/p>\n<\/div>\n<\/div>\n<\/div>\n<div class=\"col-sm-4\">\n<div class=\"btn-group\"><\/div>\n<\/div>\n","protected":false},"featured_media":12866,"comment_status":"closed","ping_status":"closed","template":"","meta":[],"product_brand":[],"product_cat":[109,82],"product_tag":[],"class_list":{"0":"post-651","1":"product","2":"type-product","3":"status-publish","4":"has-post-thumbnail","6":"product_cat-folie-na-lizatka","7":"product_cat-pomocky","8":"has-post-title","9":"has-post-date","10":"has-post-category","11":"has-post-tag","12":"has-post-comment","13":"has-post-author","14":"","16":"first","17":"instock","18":"taxable","19":"shipping-taxable","20":"purchasable","21":"product-type-simple"},"jetpack_sharing_enabled":true,"builder_content":"","_links":{"self":[{"href":"https:\/\/www.zeus-braun.sk\/index.php\/wp-json\/wp\/v2\/product\/651","targetHints":{"allow":["GET"]}}],"collection":[{"href":"https:\/\/www.zeus-braun.sk\/index.php\/wp-json\/wp\/v2\/product"}],"about":[{"href":"https:\/\/www.zeus-braun.sk\/index.php\/wp-json\/wp\/v2\/types\/product"}],"replies":[{"embeddable":true,"href":"https:\/\/www.zeus-braun.sk\/index.php\/wp-json\/wp\/v2\/comments?post=651"}],"wp:featuredmedia":[{"embeddable":true,"href":"https:\/\/www.zeus-braun.sk\/index.php\/wp-json\/wp\/v2\/media\/12866"}],"wp:attachment":[{"href":"https:\/\/www.zeus-braun.sk\/index.php\/wp-json\/wp\/v2\/media?parent=651"}],"wp:term":[{"taxonomy":"product_brand","embeddable":true,"href":"https:\/\/www.zeus-braun.sk\/index.php\/wp-json\/wp\/v2\/product_brand?post=651"},{"taxonomy":"product_cat","embeddable":true,"href":"https:\/\/www.zeus-braun.sk\/index.php\/wp-json\/wp\/v2\/product_cat?post=651"},{"taxonomy":"product_tag","embeddable":true,"href":"https:\/\/www.zeus-braun.sk\/index.php\/wp-json\/wp\/v2\/product_tag?post=651"}],"curies":[{"name":"wp","href":"https:\/\/api.w.org\/{rel}","templated":true}]}}