{"id":650,"date":"2020-10-15T14:43:31","date_gmt":"2020-10-15T12:43:31","guid":{"rendered":"https:\/\/www.zeus-braun.sk\/?post_type=product&#038;p=650"},"modified":"2026-04-24T14:05:50","modified_gmt":"2026-04-24T12:05:50","slug":"rhodoide-sheets-60x40cm","status":"publish","type":"product","link":"https:\/\/www.zeus-braun.sk\/index.php\/produkt\/rhodoide-sheets-60x40cm\/","title":{"rendered":"F\u00f3lie Rhodoide sheets 40x60cm"},"content":{"rendered":"<p>Priesvitn\u00e1 folia tvrd\u00e1 v rozmere 60x40cm.<\/p>\n<p>Vhodna na v\u00fdrobu vlastn\u00fdch dekor\u00e1cii.<\/p>\n","protected":false},"excerpt":{"rendered":"<div class=\"col-sm-8\">\n<div class=\"tab-content\">\n<div id=\"tab-description\" class=\"tab-pane active\">\n<p><b>Balenie: 30ks<\/b><\/p>\n<\/div>\n<\/div>\n<\/div>\n<div class=\"col-sm-4\">\n<div class=\"btn-group\"><\/div>\n<\/div>\n","protected":false},"featured_media":11136,"comment_status":"closed","ping_status":"closed","template":"","meta":[],"product_brand":[],"product_cat":[240,221,117,107,168,82,108],"product_tag":[95],"class_list":{"0":"post-650","1":"product","2":"type-product","3":"status-publish","4":"has-post-thumbnail","6":"product_cat-240","7":"product_cat-trojfarebne","8":"product_cat-dvojfarebne-folie","9":"product_cat-jednofarebne-folie","10":"product_cat-stvorfarebne_folie","11":"product_cat-pomocky","12":"product_cat-na-dezerty","13":"product_tag-ibc-belgium","14":"has-post-title","15":"has-post-date","16":"has-post-category","17":"has-post-tag","18":"has-post-comment","19":"has-post-author","20":"","22":"first","23":"instock","24":"taxable","25":"shipping-taxable","26":"purchasable","27":"product-type-simple"},"jetpack_sharing_enabled":true,"builder_content":"","_links":{"self":[{"href":"https:\/\/www.zeus-braun.sk\/index.php\/wp-json\/wp\/v2\/product\/650","targetHints":{"allow":["GET"]}}],"collection":[{"href":"https:\/\/www.zeus-braun.sk\/index.php\/wp-json\/wp\/v2\/product"}],"about":[{"href":"https:\/\/www.zeus-braun.sk\/index.php\/wp-json\/wp\/v2\/types\/product"}],"replies":[{"embeddable":true,"href":"https:\/\/www.zeus-braun.sk\/index.php\/wp-json\/wp\/v2\/comments?post=650"}],"wp:featuredmedia":[{"embeddable":true,"href":"https:\/\/www.zeus-braun.sk\/index.php\/wp-json\/wp\/v2\/media\/11136"}],"wp:attachment":[{"href":"https:\/\/www.zeus-braun.sk\/index.php\/wp-json\/wp\/v2\/media?parent=650"}],"wp:term":[{"taxonomy":"product_brand","embeddable":true,"href":"https:\/\/www.zeus-braun.sk\/index.php\/wp-json\/wp\/v2\/product_brand?post=650"},{"taxonomy":"product_cat","embeddable":true,"href":"https:\/\/www.zeus-braun.sk\/index.php\/wp-json\/wp\/v2\/product_cat?post=650"},{"taxonomy":"product_tag","embeddable":true,"href":"https:\/\/www.zeus-braun.sk\/index.php\/wp-json\/wp\/v2\/product_tag?post=650"}],"curies":[{"name":"wp","href":"https:\/\/api.w.org\/{rel}","templated":true}]}}