{"id":645,"date":"2020-10-15T14:43:30","date_gmt":"2020-10-15T12:43:30","guid":{"rendered":"https:\/\/www.zeus-braun.sk\/?post_type=product&#038;p=645"},"modified":"2026-04-24T14:05:48","modified_gmt":"2026-04-24T12:05:48","slug":"zlaty-metalicky-sprej","status":"publish","type":"product","link":"https:\/\/www.zeus-braun.sk\/index.php\/produkt\/zlaty-metalicky-sprej\/","title":{"rendered":"IBC zlat\u00fd metalick\u00fd sprej 150ml"},"content":{"rendered":"<div>\n<div>\n<div>\n<div class=\"pd-intro__description-container\">\n<div class=\"pd-intro__description\">\n<div class=\"product-field__container product-field-description__container\">\n<div class=\"product-field__value product-field-description__value\">\n<div class=\"pd-intro__description-container\">\n<div class=\"pd-intro__description\">\n<div class=\"product-field__container product-field-description__container\">\n<div class=\"product-field__value product-field-description__value\">\n<p>Potravin\u00e1rske farbivo v luxusnom zlatom spreji. Rovnomern\u00e9 nan\u00e1\u0161anie farby zabezpe\u010d\u00ed dokonal\u00fd v\u00fdsledok na dezertoch aj dekor\u00e1ciach.<\/p>\n<p>Skvel\u00fd tip na Vianoce.<\/p>\n<\/div>\n<\/div>\n<\/div>\n<\/div>\n<div class=\"pd-intro__howtouse-container\">\n<div class=\"pd-intro__howtouse\"><\/div>\n<\/div>\n<div class=\"pd-intro__keyfeatures-block\"><\/div>\n<\/div>\n<\/div>\n<\/div>\n<\/div>\n<div class=\"pd-intro__howtouse-container\">\n<div class=\"pd-intro__howtouse\"><\/div>\n<\/div>\n<div class=\"pd-intro__keyfeatures-block\"><\/div>\n<\/div>\n<div><\/div>\n<div><\/div>\n<\/div>\n<div><\/div>\n<\/div>\n<div><\/div>\n","protected":false},"excerpt":{"rendered":"<p>Potravin\u00e1rske farbivo v luxusnom zlatom spreji. Rovnomern\u00e9 nan\u00e1\u0161anie farby zabezpe\u010d\u00ed dokonal\u00fd v\u00fdsledok na dezertoch aj dekor\u00e1ciach.<\/p>\n<div><span style=\"font-family: Arial\"><b>Balenie: 150<\/b><\/span><b style=\"font-family: Arial\">\u00a0ml<\/b><\/div>\n<div><\/div>\n<div><\/div>\n","protected":false},"featured_media":13324,"comment_status":"closed","ping_status":"closed","template":"","meta":[],"product_brand":[],"product_cat":[240,98,104,167],"product_tag":[95],"class_list":{"0":"post-645","1":"product","2":"type-product","3":"status-publish","4":"has-post-thumbnail","6":"product_cat-240","7":"product_cat-farby","8":"product_cat-laky-spreje","9":"product_cat-metalicke","10":"product_tag-ibc-belgium","11":"has-post-title","12":"has-post-date","13":"has-post-category","14":"has-post-tag","15":"has-post-comment","16":"has-post-author","17":"","19":"first","20":"instock","21":"taxable","22":"shipping-taxable","23":"purchasable","24":"product-type-simple"},"jetpack_sharing_enabled":true,"builder_content":"","_links":{"self":[{"href":"https:\/\/www.zeus-braun.sk\/index.php\/wp-json\/wp\/v2\/product\/645","targetHints":{"allow":["GET"]}}],"collection":[{"href":"https:\/\/www.zeus-braun.sk\/index.php\/wp-json\/wp\/v2\/product"}],"about":[{"href":"https:\/\/www.zeus-braun.sk\/index.php\/wp-json\/wp\/v2\/types\/product"}],"replies":[{"embeddable":true,"href":"https:\/\/www.zeus-braun.sk\/index.php\/wp-json\/wp\/v2\/comments?post=645"}],"wp:featuredmedia":[{"embeddable":true,"href":"https:\/\/www.zeus-braun.sk\/index.php\/wp-json\/wp\/v2\/media\/13324"}],"wp:attachment":[{"href":"https:\/\/www.zeus-braun.sk\/index.php\/wp-json\/wp\/v2\/media?parent=645"}],"wp:term":[{"taxonomy":"product_brand","embeddable":true,"href":"https:\/\/www.zeus-braun.sk\/index.php\/wp-json\/wp\/v2\/product_brand?post=645"},{"taxonomy":"product_cat","embeddable":true,"href":"https:\/\/www.zeus-braun.sk\/index.php\/wp-json\/wp\/v2\/product_cat?post=645"},{"taxonomy":"product_tag","embeddable":true,"href":"https:\/\/www.zeus-braun.sk\/index.php\/wp-json\/wp\/v2\/product_tag?post=645"}],"curies":[{"name":"wp","href":"https:\/\/api.w.org\/{rel}","templated":true}]}}