{"id":577,"date":"2020-10-15T14:43:12","date_gmt":"2020-10-15T12:43:12","guid":{"rendered":"https:\/\/www.zeus-braun.sk\/?post_type=product&#038;p=577"},"modified":"2026-04-30T14:05:33","modified_gmt":"2026-04-30T12:05:33","slug":"salsus-demi-glace-hovadzi","status":"publish","type":"product","link":"https:\/\/www.zeus-braun.sk\/index.php\/produkt\/salsus-demi-glace-hovadzi\/","title":{"rendered":"Hov\u00e4dz\u00ed demi-glace 1L"},"content":{"rendered":"<p>Ochutnajte nefal\u0161ovan\u00fd hov\u00e4dz\u00ed demi-glace z najkvalitnej\u0161\u00edch kost\u00ed a \u010derstvej zeleniny bez pridan\u00fdch konzerva\u010dn\u00fdch l\u00e1tok a ch\u00e9mie. Je neutr\u00e1lnej chuti, a je iba na v\u00e1s, ako si ho prisp\u00f4sob\u00edte.<\/p>\n<p>Ur\u010den\u00e9 pre profesion\u00e1lov, pr\u00e9miov\u00e9 a Michelinov\u00e9 re\u0161taur\u00e1cie. Ocenia ho ale aj nad\u0161enci dom\u00e1ceho varenia a z\u00e1stanci kvalitn\u00fdch surov\u00edn.<\/p>\n<p>V\u00fdvar pomaly redukovan\u00fd na 1\/3 objemu.<\/p>\n<p><b>Podmienky skladovania:\u00a0<\/b><\/p>\n<p>Nevystavujte priamemu slne\u010dn\u00e9mu \u017eiareniu, skladujte na suchom mieste bez v\u00f4n\u00ed a pachov, pri teplote 12 \u2013 20 \u00b0C a relat\u00edvnej vlhkosti do 70 %<br \/>\nPo otvoren\u00ed skladujte v chladni\u010dke max 4 \u00b0C, spotrebujte do 3-4 dn\u00ed.<br \/>\nNeohrievajte kart\u00f3n v mikrovlnnej r\u00fare.<\/p>\n","protected":false},"excerpt":{"rendered":"<p>Hust\u00e1 om\u00e1\u010dka &#8211; Demi Glace z te\u013eac\u00edch kost\u00ed a kvalitnej zeleniny bez pridan\u00fdch konzerva\u010dn\u00fdch l\u00e1tok a ch\u00e9mie.<br \/>\nUr\u010den\u00e9 pre profesion\u00e1lov, pr\u00e9miov\u00e9 a Michelinov\u00e9 re\u0161taur\u00e1cie.<br \/>\n<strong>Objem<\/strong>: 1L<\/p>\n<p>&nbsp;<\/p>\n","protected":false},"featured_media":14237,"comment_status":"closed","ping_status":"closed","template":"","meta":[],"product_brand":[],"product_cat":[239,224,245,177],"product_tag":[97],"class_list":{"0":"post-577","1":"product","2":"type-product","3":"status-publish","4":"has-post-thumbnail","6":"product_cat-239","7":"product_cat-frontpage","8":"product_cat-salsus","9":"product_cat-pre-kucharov","10":"product_tag-salsus","11":"has-post-title","12":"has-post-date","13":"has-post-category","14":"has-post-tag","15":"has-post-comment","16":"has-post-author","17":"","19":"first","20":"instock","21":"taxable","22":"shipping-taxable","23":"purchasable","24":"product-type-simple"},"jetpack_sharing_enabled":true,"builder_content":"","_links":{"self":[{"href":"https:\/\/www.zeus-braun.sk\/index.php\/wp-json\/wp\/v2\/product\/577","targetHints":{"allow":["GET"]}}],"collection":[{"href":"https:\/\/www.zeus-braun.sk\/index.php\/wp-json\/wp\/v2\/product"}],"about":[{"href":"https:\/\/www.zeus-braun.sk\/index.php\/wp-json\/wp\/v2\/types\/product"}],"replies":[{"embeddable":true,"href":"https:\/\/www.zeus-braun.sk\/index.php\/wp-json\/wp\/v2\/comments?post=577"}],"wp:featuredmedia":[{"embeddable":true,"href":"https:\/\/www.zeus-braun.sk\/index.php\/wp-json\/wp\/v2\/media\/14237"}],"wp:attachment":[{"href":"https:\/\/www.zeus-braun.sk\/index.php\/wp-json\/wp\/v2\/media?parent=577"}],"wp:term":[{"taxonomy":"product_brand","embeddable":true,"href":"https:\/\/www.zeus-braun.sk\/index.php\/wp-json\/wp\/v2\/product_brand?post=577"},{"taxonomy":"product_cat","embeddable":true,"href":"https:\/\/www.zeus-braun.sk\/index.php\/wp-json\/wp\/v2\/product_cat?post=577"},{"taxonomy":"product_tag","embeddable":true,"href":"https:\/\/www.zeus-braun.sk\/index.php\/wp-json\/wp\/v2\/product_tag?post=577"}],"curies":[{"name":"wp","href":"https:\/\/api.w.org\/{rel}","templated":true}]}}