{"id":563,"date":"2020-10-14T15:28:30","date_gmt":"2020-10-14T13:28:30","guid":{"rendered":"https:\/\/www.zeus-braun.sk\/?post_type=product&#038;p=563"},"modified":"2026-04-24T14:10:11","modified_gmt":"2026-04-24T12:10:11","slug":"hobliny-tmave-velke-10cm","status":"publish","type":"product","link":"https:\/\/www.zeus-braun.sk\/index.php\/produkt\/hobliny-tmave-velke-10cm\/","title":{"rendered":"Hobliny tmav\u00e9 ve\u013ek\u00e9  2,5kg"},"content":{"rendered":"<p><span style=\"color: #3b4a4b;font-family: Montserrat, Trebuchet MS, Helvetica, sans-serif\">Sto\u010den\u00e9 k\u00fasky tmavej\u00a0belgickej \u010dokol\u00e1dy, ktor\u00e9 prid\u00e1vaj\u00fa sviato\u010dn\u00fd a sofistikovan\u00fd vzh\u013ead ka\u017ed\u00e9mu dezertu.<\/span><\/p>\n<p><span style=\"color: #3b4a4b;font-family: Montserrat, Trebuchet MS, Helvetica, sans-serif\">V\u010faka svojmu elegantn\u00e9mu vzh\u013eadu s\u00fa tieto ku\u010dery ve\u013emi vhodn\u00e9 na zdobenie.<\/span><\/p>\n<p><b>Podmienky skladovania<\/b><\/p>\n<p>Produkt skladujte v \u010distom a suchom prostred\u00ed (relat\u00edvna vlhkos\u0165 vzduchu max. 70%) a bez z\u00e1pachu.<\/p>\n<p>Skladovacia teplota: 12 &#8211; 20\u00b0C<\/p>\n<!--themify_builder_content-->\n<div id=\"themify_builder_content-563\" data-postid=\"563\" class=\"themify_builder_content themify_builder_content-563 themify_builder tf_clear\">\n    <\/div>\n<!--\/themify_builder_content-->\n","protected":false},"excerpt":{"rendered":"<p><span style=\"color: #3b4a4b;font-family: Montserrat, Trebuchet MS, Helvetica, sans-serif\">Sto\u010den\u00e9 k\u00fasky tmavej\u00a0belgickej \u010dokol\u00e1dy, ktor\u00e9 prid\u00e1vaj\u00fa sviato\u010dn\u00fd a sofistikovan\u00fd vzh\u013ead ka\u017ed\u00e9mu dezertu.<\/span><\/p>\n<p><b><span style=\"font-family: Arial\">Balenie: 2,5kg\u00a0<\/span><\/b><\/p>\n<p>Velkos\u0165: cca 10cm<\/p>\n","protected":false},"featured_media":11196,"comment_status":"closed","ping_status":"closed","template":"","meta":[],"product_brand":[],"product_cat":[240,55,56,58],"product_tag":[134],"class_list":{"0":"post-563","1":"product","2":"type-product","3":"status-publish","4":"has-post-thumbnail","6":"product_cat-240","7":"product_cat-posypy-a-dekoracie","8":"product_cat-hobliny","9":"product_cat-posypy","10":"product_tag-mona-lisa","11":"has-post-title","12":"has-post-date","13":"has-post-category","14":"has-post-tag","15":"has-post-comment","16":"has-post-author","17":"","19":"first","20":"outofstock","21":"taxable","22":"shipping-taxable","23":"purchasable","24":"product-type-simple"},"jetpack_sharing_enabled":true,"builder_content":"","_links":{"self":[{"href":"https:\/\/www.zeus-braun.sk\/index.php\/wp-json\/wp\/v2\/product\/563","targetHints":{"allow":["GET"]}}],"collection":[{"href":"https:\/\/www.zeus-braun.sk\/index.php\/wp-json\/wp\/v2\/product"}],"about":[{"href":"https:\/\/www.zeus-braun.sk\/index.php\/wp-json\/wp\/v2\/types\/product"}],"replies":[{"embeddable":true,"href":"https:\/\/www.zeus-braun.sk\/index.php\/wp-json\/wp\/v2\/comments?post=563"}],"wp:featuredmedia":[{"embeddable":true,"href":"https:\/\/www.zeus-braun.sk\/index.php\/wp-json\/wp\/v2\/media\/11196"}],"wp:attachment":[{"href":"https:\/\/www.zeus-braun.sk\/index.php\/wp-json\/wp\/v2\/media?parent=563"}],"wp:term":[{"taxonomy":"product_brand","embeddable":true,"href":"https:\/\/www.zeus-braun.sk\/index.php\/wp-json\/wp\/v2\/product_brand?post=563"},{"taxonomy":"product_cat","embeddable":true,"href":"https:\/\/www.zeus-braun.sk\/index.php\/wp-json\/wp\/v2\/product_cat?post=563"},{"taxonomy":"product_tag","embeddable":true,"href":"https:\/\/www.zeus-braun.sk\/index.php\/wp-json\/wp\/v2\/product_tag?post=563"}],"curies":[{"name":"wp","href":"https:\/\/api.w.org\/{rel}","templated":true}]}}