{"id":552,"date":"2020-10-14T15:28:29","date_gmt":"2020-10-14T13:28:29","guid":{"rendered":"https:\/\/www.zeus-braun.sk\/?post_type=product&#038;p=552"},"modified":"2026-01-27T11:03:12","modified_gmt":"2026-01-27T10:03:12","slug":"profitero-300ks","status":"publish","type":"product","link":"https:\/\/www.zeus-braun.sk\/index.php\/produkt\/profitero-300ks\/","title":{"rendered":"Tartlettes Profitero 4cm 300ks"},"content":{"rendered":"<p>Nad\u00fdchan\u00e9 dut\u00e9 pe\u010divo zo smotanov\u00e9ho odpa\u013eovan\u00e9ho cesta s maslom. Profitero s\u00fa ve\u013emi elegantn\u00fd dezert a m\u00f4\u017eu by\u0165 plnen\u00e9 \u0161\u013eaha\u010dkou alebo r\u00f4znymi smotanov\u00fdmi alebo pudingov\u00fdmi kr\u00e9mami ide\u00e1lne tenkou cukr\u00e1rskou \u0161pi\u010dkou zo spodnej strany. Je mo\u017en\u00e9 ich nam\u00e1\u010da\u0165, \u010di polieva\u0165 a ozdobi\u0165 pod\u013ea vlastnej predstavy.<\/p>\n<p>&nbsp;<\/p>\n<p style=\"font-weight: 400\"><b><strong>Podmienky skladovania:<\/strong><\/b> Nevystavujte priamemu slne\u010dn\u00e9mu \u017eiareniu, skladujte na suchom mieste bez v\u00f4n\u00ed a pachov, pri teplote 12 \u2013 20 \u00b0C a relat\u00edvnej vlhkosti do 60 %.<\/p>\n","protected":false},"excerpt":{"rendered":"<p>Nad\u00fdchan\u00e9 dut\u00e9 pe\u010divo zo smotanov\u00e9ho odpa\u013eovan\u00e9ho cesta s maslom.<\/p>\n<p>Rozmer: 4cm<\/p>\n<p><b>Balenie: 300 ks<\/b><\/p>\n","protected":false},"featured_media":10926,"comment_status":"closed","ping_status":"closed","template":"","meta":[],"product_brand":[],"product_cat":[239,35,179,36,37],"product_tag":[38],"class_list":{"0":"post-552","1":"product","2":"type-product","3":"status-publish","4":"has-post-thumbnail","6":"product_cat-239","7":"product_cat-silvester","8":"product_cat-vianocny_vyber","9":"product_cat-tartalettes","10":"product_cat-sladke","11":"product_tag-hug-ag","12":"has-post-title","13":"has-post-date","14":"has-post-category","15":"has-post-tag","16":"has-post-comment","17":"has-post-author","18":"","20":"first","21":"outofstock","22":"taxable","23":"shipping-taxable","24":"purchasable","25":"product-type-simple"},"jetpack_sharing_enabled":true,"builder_content":"","_links":{"self":[{"href":"https:\/\/www.zeus-braun.sk\/index.php\/wp-json\/wp\/v2\/product\/552","targetHints":{"allow":["GET"]}}],"collection":[{"href":"https:\/\/www.zeus-braun.sk\/index.php\/wp-json\/wp\/v2\/product"}],"about":[{"href":"https:\/\/www.zeus-braun.sk\/index.php\/wp-json\/wp\/v2\/types\/product"}],"replies":[{"embeddable":true,"href":"https:\/\/www.zeus-braun.sk\/index.php\/wp-json\/wp\/v2\/comments?post=552"}],"wp:featuredmedia":[{"embeddable":true,"href":"https:\/\/www.zeus-braun.sk\/index.php\/wp-json\/wp\/v2\/media\/10926"}],"wp:attachment":[{"href":"https:\/\/www.zeus-braun.sk\/index.php\/wp-json\/wp\/v2\/media?parent=552"}],"wp:term":[{"taxonomy":"product_brand","embeddable":true,"href":"https:\/\/www.zeus-braun.sk\/index.php\/wp-json\/wp\/v2\/product_brand?post=552"},{"taxonomy":"product_cat","embeddable":true,"href":"https:\/\/www.zeus-braun.sk\/index.php\/wp-json\/wp\/v2\/product_cat?post=552"},{"taxonomy":"product_tag","embeddable":true,"href":"https:\/\/www.zeus-braun.sk\/index.php\/wp-json\/wp\/v2\/product_tag?post=552"}],"curies":[{"name":"wp","href":"https:\/\/api.w.org\/{rel}","templated":true}]}}