{"id":460,"date":"2020-10-14T15:28:10","date_gmt":"2020-10-14T13:28:10","guid":{"rendered":"https:\/\/www.zeus-braun.sk\/?post_type=product&#038;p=460"},"modified":"2026-04-24T14:08:14","modified_gmt":"2026-04-24T12:08:14","slug":"lyofilizovane-jahody-50g","status":"publish","type":"product","link":"https:\/\/www.zeus-braun.sk\/index.php\/produkt\/lyofilizovane-jahody-50g\/","title":{"rendered":"Jahody lyofilizovan\u00e9 50g"},"content":{"rendered":"<p>Lyofilizovan\u00e9 jahody v pl\u00e1tkoch su vynikaj\u00facim doplnkom pre va\u0161e \u010dokol\u00e1dov\u00e9 tabu\u013eky, pralinky, na dekor\u00e1ciu t\u00f4rt, doplnok \u0161portovej v\u00fd\u017eivy a m\u00fcsli.<\/p>\n<p>Na ilustra\u010dnej fotografii je 100g \u010dokol\u00e1dov\u00e1 tabli\u010dka s\u00a02g\u00a0lyofilizovan\u00e9ho ovocia.<\/p>\n<p>50g posta\u010duje pribli\u017ene na 25ks tabuliek.<\/p>\n<p><b>Podmienky skladovania:<\/b><\/p>\n<p><span style=\"font-family: arial, helvetica, sans-serif\">pri chladom a suchom skladovan\u00ed ( do 20\u00b0C, do 65% relat\u00edvnej\u00a0vlhkosti) v p\u00f4vodnom\u00a0obale.<\/span><\/p>\n","protected":false},"excerpt":{"rendered":"<p style=\"font-weight: 400\">Chrumkav\u00e9 su\u0161en\u00e9 jahody<\/p>\n<p style=\"font-weight: 400\"><b><strong>Balenie: 50 g<\/strong><\/b><\/p>\n","protected":false},"featured_media":11029,"comment_status":"closed","ping_status":"closed","template":"","meta":[],"product_brand":[],"product_cat":[239,126,55,88],"product_tag":[],"class_list":{"0":"post-460","1":"product","2":"type-product","3":"status-publish","4":"has-post-thumbnail","6":"product_cat-239","7":"product_cat-valentin","8":"product_cat-posypy-a-dekoracie","9":"product_cat-lyofilizovane-ovocie","10":"has-post-title","11":"has-post-date","12":"has-post-category","13":"has-post-tag","14":"has-post-comment","15":"has-post-author","16":"","18":"first","19":"instock","20":"taxable","21":"shipping-taxable","22":"purchasable","23":"product-type-simple"},"jetpack_sharing_enabled":true,"builder_content":"","_links":{"self":[{"href":"https:\/\/www.zeus-braun.sk\/index.php\/wp-json\/wp\/v2\/product\/460","targetHints":{"allow":["GET"]}}],"collection":[{"href":"https:\/\/www.zeus-braun.sk\/index.php\/wp-json\/wp\/v2\/product"}],"about":[{"href":"https:\/\/www.zeus-braun.sk\/index.php\/wp-json\/wp\/v2\/types\/product"}],"replies":[{"embeddable":true,"href":"https:\/\/www.zeus-braun.sk\/index.php\/wp-json\/wp\/v2\/comments?post=460"}],"wp:featuredmedia":[{"embeddable":true,"href":"https:\/\/www.zeus-braun.sk\/index.php\/wp-json\/wp\/v2\/media\/11029"}],"wp:attachment":[{"href":"https:\/\/www.zeus-braun.sk\/index.php\/wp-json\/wp\/v2\/media?parent=460"}],"wp:term":[{"taxonomy":"product_brand","embeddable":true,"href":"https:\/\/www.zeus-braun.sk\/index.php\/wp-json\/wp\/v2\/product_brand?post=460"},{"taxonomy":"product_cat","embeddable":true,"href":"https:\/\/www.zeus-braun.sk\/index.php\/wp-json\/wp\/v2\/product_cat?post=460"},{"taxonomy":"product_tag","embeddable":true,"href":"https:\/\/www.zeus-braun.sk\/index.php\/wp-json\/wp\/v2\/product_tag?post=460"}],"curies":[{"name":"wp","href":"https:\/\/api.w.org\/{rel}","templated":true}]}}