{"id":418,"date":"2020-10-14T15:27:52","date_gmt":"2020-10-14T13:27:52","guid":{"rendered":"https:\/\/www.zeus-braun.sk\/?post_type=product&#038;p=418"},"modified":"2026-04-24T14:05:23","modified_gmt":"2026-04-24T12:05:23","slug":"silpat-300-x-400-mm","status":"publish","type":"product","link":"https:\/\/www.zeus-braun.sk\/index.php\/produkt\/silpat-300-x-400-mm\/","title":{"rendered":"Silpat 300&#215;400 De Buyer"},"content":{"rendered":"<p>Pevn\u00fa nepri\u013enav\u00fa podlo\u017eku vyroben\u00fa z vysokokvalitn\u00e9ho silik\u00f3nu so sklen\u00fdmi vl\u00e1knami, mo\u017eno pou\u017ei\u0165 na pr\u00e1cu za tepla, alebo za studena, ako n\u00e1hradu jednor\u00e1zov\u00e9ho papiera na pe\u010denie.<\/p>\n<p>Multifunk\u010dn\u00e9 vyu\u017eitie: pou\u017e\u00edva sa pri pe\u010den\u00ed, tvoren\u00ed s hor\u00facim cukrom a karamelom, \u010dokol\u00e1dou, tie\u017e chladen\u00ed, hlbokom zmrazen\u00ed a \u0161okovom mrazen\u00ed &#8230;<\/p>\n<p>Vynikaj\u00face nelepiv\u00e9 vlastnosti: na \u013eahk\u00e9 odstr\u00e1nenie korpusov a cukroviniek ako napr\u00edklad makr\u00f3niek, cookies, alebo l\u00edstkov\u00e9ho pe\u010diva<br \/>\nDokonale rovn\u00e1 bez\u0161vov\u00e1 podlo\u017eka: pe\u010divo s dokonal\u00fdm jednoliatym fini\u0161om<\/p>\n<p>Vysokokvalitn\u00fd silik\u00f3n: ve\u013emi odoln\u00fd vo\u010di hor\u00facim aj studen\u00fdm (od -40 \u00b0 C do + 250 \u00b0 C)<\/p>\n<p>Odoln\u00e1 podlo\u017eka: Ur\u010den\u00e1 na intenz\u00edvne a \u010dast\u00e9 pou\u017eitie. D\u00e1 sa pou\u017ei\u0165 a\u017e 1000 kr\u00e1t pri vysok\u00fdch teplot\u00e1ch.<\/p>\n<div><\/div>\n<div><\/div>\n","protected":false},"excerpt":{"rendered":"<p>Rozmer: 30 x 40 cm<\/p>\n<p>hr\u00fabka 0,2 cm<\/p>\n<p><b>Balenie: 1 ks<\/b><\/p>\n","protected":false},"featured_media":11384,"comment_status":"closed","ping_status":"closed","template":"","meta":[],"product_brand":[],"product_cat":[240,224,236,82,170,177],"product_tag":[85],"class_list":{"0":"post-418","1":"product","2":"type-product","3":"status-publish","4":"has-post-thumbnail","6":"product_cat-240","7":"product_cat-frontpage","8":"product_cat-pomocky-na-cokoladu","9":"product_cat-pomocky","10":"product_cat-kreativne_pomocky","11":"product_cat-pre-kucharov","12":"product_tag-de-buyer","13":"has-post-title","14":"has-post-date","15":"has-post-category","16":"has-post-tag","17":"has-post-comment","18":"has-post-author","19":"","21":"first","22":"outofstock","23":"taxable","24":"shipping-taxable","25":"purchasable","26":"product-type-simple"},"jetpack_sharing_enabled":true,"builder_content":"","_links":{"self":[{"href":"https:\/\/www.zeus-braun.sk\/index.php\/wp-json\/wp\/v2\/product\/418","targetHints":{"allow":["GET"]}}],"collection":[{"href":"https:\/\/www.zeus-braun.sk\/index.php\/wp-json\/wp\/v2\/product"}],"about":[{"href":"https:\/\/www.zeus-braun.sk\/index.php\/wp-json\/wp\/v2\/types\/product"}],"replies":[{"embeddable":true,"href":"https:\/\/www.zeus-braun.sk\/index.php\/wp-json\/wp\/v2\/comments?post=418"}],"wp:featuredmedia":[{"embeddable":true,"href":"https:\/\/www.zeus-braun.sk\/index.php\/wp-json\/wp\/v2\/media\/11384"}],"wp:attachment":[{"href":"https:\/\/www.zeus-braun.sk\/index.php\/wp-json\/wp\/v2\/media?parent=418"}],"wp:term":[{"taxonomy":"product_brand","embeddable":true,"href":"https:\/\/www.zeus-braun.sk\/index.php\/wp-json\/wp\/v2\/product_brand?post=418"},{"taxonomy":"product_cat","embeddable":true,"href":"https:\/\/www.zeus-braun.sk\/index.php\/wp-json\/wp\/v2\/product_cat?post=418"},{"taxonomy":"product_tag","embeddable":true,"href":"https:\/\/www.zeus-braun.sk\/index.php\/wp-json\/wp\/v2\/product_tag?post=418"}],"curies":[{"name":"wp","href":"https:\/\/api.w.org\/{rel}","templated":true}]}}