{"id":409,"date":"2020-10-14T15:27:52","date_gmt":"2020-10-14T13:27:52","guid":{"rendered":"https:\/\/www.zeus-braun.sk\/?post_type=product&#038;p=409"},"modified":"2026-04-29T12:53:04","modified_gmt":"2026-04-29T10:53:04","slug":"kabi","status":"publish","type":"product","link":"https:\/\/www.zeus-braun.sk\/index.php\/produkt\/kabi\/","title":{"rendered":"\u017del\u00edruj\u00faci pr\u00edpravok Kabi 1kg n\u00e1h. bal."},"content":{"rendered":"<p><b>Z\u00e1kladn\u00fd recept na ovocn\u00fa plnku:<\/b><\/p>\n<p>120 &#8211; 150\u00a0 g\u00a0 kabi<\/p>\n<p>1000 g ovocnej \u0161\u0165avy\/ mrazenej ovocnej zmesi<\/p>\n<p>250 g cukor<\/p>\n<p>Kabi zmie\u0161ajte s cukrom a primie\u0161ajte ovocn\u00fa \u0161\u0165avu alebo mrazen\u00e9 ovocie.<\/p>\n<p><b>Podmienky skladovania:<\/b><\/p>\n<p>skladova\u0165 do max. 20 \u00b0 C v suchom, uzavretom priestore, v p\u00f4vodnom obale, chr\u00e1\u0148te pred mrazom a priamym slne\u010dn\u00fdm svetlom.<\/p>\n","protected":false},"excerpt":{"rendered":"<p>\u0160peci\u00e1lny \u017eel\u00edrovac\u00ed pr\u00edpravok na ochranu mrazen\u00e9ho ovocia pred stratou tekut\u00edn, tzv. te\u010deniu.<\/p>\n<p>Taktie\u017e vhodn\u00e9 na zahustenie ovocn\u00fdch plniek.<\/p>\n<p><b>Balenie: 1 kg (dod\u00e1vame v n\u00e1hradnom balen\u00ed, obr\u00e1zok je ilustra\u010dn\u00fd)<\/b><\/p>\n","protected":false},"featured_media":14472,"comment_status":"closed","ping_status":"closed","template":"","meta":[],"product_brand":[],"product_cat":[239,79],"product_tag":[33],"class_list":{"0":"post-409","1":"product","2":"type-product","3":"status-publish","4":"has-post-thumbnail","6":"product_cat-239","7":"product_cat-zelatina","8":"product_tag-martin-braun-kg","9":"has-post-title","10":"has-post-date","11":"has-post-category","12":"has-post-tag","13":"has-post-comment","14":"has-post-author","15":"","17":"first","18":"instock","19":"taxable","20":"shipping-taxable","21":"purchasable","22":"product-type-simple"},"jetpack_sharing_enabled":true,"builder_content":"","_links":{"self":[{"href":"https:\/\/www.zeus-braun.sk\/index.php\/wp-json\/wp\/v2\/product\/409","targetHints":{"allow":["GET"]}}],"collection":[{"href":"https:\/\/www.zeus-braun.sk\/index.php\/wp-json\/wp\/v2\/product"}],"about":[{"href":"https:\/\/www.zeus-braun.sk\/index.php\/wp-json\/wp\/v2\/types\/product"}],"replies":[{"embeddable":true,"href":"https:\/\/www.zeus-braun.sk\/index.php\/wp-json\/wp\/v2\/comments?post=409"}],"wp:featuredmedia":[{"embeddable":true,"href":"https:\/\/www.zeus-braun.sk\/index.php\/wp-json\/wp\/v2\/media\/14472"}],"wp:attachment":[{"href":"https:\/\/www.zeus-braun.sk\/index.php\/wp-json\/wp\/v2\/media?parent=409"}],"wp:term":[{"taxonomy":"product_brand","embeddable":true,"href":"https:\/\/www.zeus-braun.sk\/index.php\/wp-json\/wp\/v2\/product_brand?post=409"},{"taxonomy":"product_cat","embeddable":true,"href":"https:\/\/www.zeus-braun.sk\/index.php\/wp-json\/wp\/v2\/product_cat?post=409"},{"taxonomy":"product_tag","embeddable":true,"href":"https:\/\/www.zeus-braun.sk\/index.php\/wp-json\/wp\/v2\/product_tag?post=409"}],"curies":[{"name":"wp","href":"https:\/\/api.w.org\/{rel}","templated":true}]}}