{"id":376,"date":"2020-10-14T15:27:34","date_gmt":"2020-10-14T13:27:34","guid":{"rendered":"https:\/\/www.zeus-braun.sk\/?post_type=product&#038;p=376"},"modified":"2026-04-24T14:06:19","modified_gmt":"2026-04-24T12:06:19","slug":"flakes-mliecny","status":"publish","type":"product","link":"https:\/\/www.zeus-braun.sk\/index.php\/produkt\/flakes-mliecny\/","title":{"rendered":"Split Flakes MILK Small 1kg"},"content":{"rendered":"<div>\n<p style=\"font-weight: 400\">Nepravideln\u00e9 k\u00fasky zo 100% mlie\u010dnej \u010dokol\u00e1dy.<\/p>\n<p style=\"font-weight: 400\">Ak by existoval \u010dokol\u00e1dov\u00fd hviezdny prach, potom by bola jeho d\u00f4kazom \u010dokol\u00e1da Chocolate Flakes Milk &#8211; Small Callebaut\u00ae. Pou\u017e\u00edvajte ju na dokon\u010denie va\u0161ich v\u00fdtvorov pomocou trblietav\u00fdch, chrumkav\u00fdch k\u00faskov \u010dokol\u00e1dy, ktor\u00e9 zv\u00fdraznia umeleck\u00fa povahu va\u0161ich v\u00fdtvorov a\u00a0vytvoria chutn\u00e9 l\u00e1kadlo. Tieto vlo\u010dky Chocolate Flakes s\u00fa vyroben\u00e9 z \u010distej mlie\u010dnej \u010dokol\u00e1dy a s\u00fa starostlivo le\u0161ten\u00e9 \u00faplne pr\u00edrodn\u00fdm sp\u00f4sobom, bez pou\u017eitia pr\u00edpravkov zvy\u0161uj\u00facich lesk.<\/p>\n<p style=\"font-weight: 400\">Maj\u00fa nepravideln\u00fd polo-obd\u013a\u017enikov\u00fd tvar a meria 1,5 a\u017e 2,7 mm.<\/p>\n<p style=\"font-weight: 400\">Posypte nimi svoje \u010derstvo nam\u00e1\u010dan\u00e9 pralinky, alebo t\u00fdmito leskl\u00fdmi k\u00faskami \u010dokol\u00e1dy ozdobte svoje dezerty.<\/p>\n<p style=\"font-weight: 400\">Ak sa sna\u017e\u00edte vytvori\u0165 zaplavuj\u00faci, zvl\u00e1\u0161\u0165 sl\u00e1vnostn\u00fd dotyk, m\u00f4\u017eete tie\u017e zmie\u0161a\u0165 alebo rozomlie\u0165 vlo\u010dky so zlat\u00fdm, kovov\u00fdm alebo farben\u00fdm pr\u00e1\u0161kom.<\/p>\n<\/div>\n<div><\/div>\n<p style=\"font-weight: 400\"><b>Podmienky skladovania:\u00a0<\/b>Nevystavujte priamemu slne\u010dn\u00e9mu \u017eiareniu, skladujte na suchom mieste bez v\u00f4n\u00ed a pachov, pri teplote 12 \u2013 20 \u00b0C a relat\u00edvnej vlhkosti do 70 %.<\/p>\n","protected":false},"excerpt":{"rendered":"<p>Jemn\u00fd \u010dokol\u00e1dov\u00fd posyp s vysok\u00fdm leskom hranat\u00e9ho tvaru.<\/p>\n<p><b>Balenie: 1kg<\/b><\/p>\n","protected":false},"featured_media":11633,"comment_status":"closed","ping_status":"closed","template":"","meta":[],"product_brand":[],"product_cat":[240,55,58],"product_tag":[57],"class_list":{"0":"post-376","1":"product","2":"type-product","3":"status-publish","4":"has-post-thumbnail","6":"product_cat-240","7":"product_cat-posypy-a-dekoracie","8":"product_cat-posypy","9":"product_tag-barry-callebaut","10":"has-post-title","11":"has-post-date","12":"has-post-category","13":"has-post-tag","14":"has-post-comment","15":"has-post-author","16":"","18":"first","19":"outofstock","20":"taxable","21":"shipping-taxable","22":"purchasable","23":"product-type-simple"},"jetpack_sharing_enabled":true,"builder_content":"","_links":{"self":[{"href":"https:\/\/www.zeus-braun.sk\/index.php\/wp-json\/wp\/v2\/product\/376","targetHints":{"allow":["GET"]}}],"collection":[{"href":"https:\/\/www.zeus-braun.sk\/index.php\/wp-json\/wp\/v2\/product"}],"about":[{"href":"https:\/\/www.zeus-braun.sk\/index.php\/wp-json\/wp\/v2\/types\/product"}],"replies":[{"embeddable":true,"href":"https:\/\/www.zeus-braun.sk\/index.php\/wp-json\/wp\/v2\/comments?post=376"}],"wp:featuredmedia":[{"embeddable":true,"href":"https:\/\/www.zeus-braun.sk\/index.php\/wp-json\/wp\/v2\/media\/11633"}],"wp:attachment":[{"href":"https:\/\/www.zeus-braun.sk\/index.php\/wp-json\/wp\/v2\/media?parent=376"}],"wp:term":[{"taxonomy":"product_brand","embeddable":true,"href":"https:\/\/www.zeus-braun.sk\/index.php\/wp-json\/wp\/v2\/product_brand?post=376"},{"taxonomy":"product_cat","embeddable":true,"href":"https:\/\/www.zeus-braun.sk\/index.php\/wp-json\/wp\/v2\/product_cat?post=376"},{"taxonomy":"product_tag","embeddable":true,"href":"https:\/\/www.zeus-braun.sk\/index.php\/wp-json\/wp\/v2\/product_tag?post=376"}],"curies":[{"name":"wp","href":"https:\/\/api.w.org\/{rel}","templated":true}]}}