{"id":34,"date":"2020-10-14T15:26:15","date_gmt":"2020-10-14T13:26:15","guid":{"rendered":"https:\/\/www.zeus-braun.sk\/?post_type=product&#038;p=34"},"modified":"2026-04-24T14:11:29","modified_gmt":"2026-04-24T12:11:29","slug":"cheesecake-zmes","status":"publish","type":"product","link":"https:\/\/www.zeus-braun.sk\/index.php\/produkt\/cheesecake-zmes\/","title":{"rendered":"Cheesequick 25kg"},"content":{"rendered":"<p>Pr\u00e1\u0161kov\u00e1 zmes na v\u00fdrobu cheesecake, tvarohov\u00fdch kol\u00e1\u010dov a z\u00e1kuskov bez pe\u010denia.<\/p>\n<p><b>Z\u00e1kladn\u00fd recept:<\/b><\/p>\n<p>500 g\u00a0 Cheesequick (cheesecake)<\/p>\n<p>50 g cukor<\/p>\n<p>500 g voda pribli\u017ene 45\u00b0C<\/p>\n<p>850 g\u00a0 tvaroh (alternat\u00edvne sa m\u00f4\u017ee pou\u017ei\u0165 aj jogurt, kysl\u00e1 smotana, smotanov\u00fd syr alebo cr\u00e9me fraiche)<\/p>\n<p>Cheesequick zmes dobre premie\u0161ajte s cukrom a pridajte zohriatu (na 45\u00b0C) vodu a znova poriadne premie\u0161ajte.Tvaroch pridajte k zmesi a hrubou metli\u010dkou mie\u0161ajte asi 3 min\u00faty. Hotov\u00fa zmes nalejte do formy (na upe\u010den\u00fd, vychladnut\u00fd korpus) a nech\u00e1me vychladi\u0165 v chladni\u010dke pribli\u017ene 3-4 hodiny.<\/p>\n<p><b>Podmienky skladovania:<\/b><\/p>\n<p>skladova\u0165 do max. 20 \u00b0 C v suchom, uzavretom priestore, v p\u00f4vodnom obale, chr\u00e1\u0148te pred mrazom a priamym slne\u010dn\u00fdm svetlom.<\/p>\n","protected":false},"excerpt":{"rendered":"<p>Pr\u00e1\u0161kov\u00fd v\u00fdrobok na v\u00fdrobu cheesecake, tvarohov\u00fdch kol\u00e1\u010dov a z\u00e1kuskov bez pe\u010denia.<\/p>\n<p><b>Balenie: 25kg\u00a0<\/b><\/p>\n","protected":false},"featured_media":12815,"comment_status":"closed","ping_status":"closed","template":"","meta":[],"product_brand":[],"product_cat":[240,31],"product_tag":[33],"class_list":{"0":"post-34","1":"product","2":"type-product","3":"status-publish","4":"has-post-thumbnail","6":"product_cat-240","7":"product_cat-zmesi-na-pecenie","8":"product_tag-martin-braun-kg","9":"has-post-title","10":"has-post-date","11":"has-post-category","12":"has-post-tag","13":"has-post-comment","14":"has-post-author","15":"","17":"first","18":"outofstock","19":"taxable","20":"shipping-taxable","21":"purchasable","22":"product-type-simple"},"jetpack_sharing_enabled":true,"builder_content":"","_links":{"self":[{"href":"https:\/\/www.zeus-braun.sk\/index.php\/wp-json\/wp\/v2\/product\/34","targetHints":{"allow":["GET"]}}],"collection":[{"href":"https:\/\/www.zeus-braun.sk\/index.php\/wp-json\/wp\/v2\/product"}],"about":[{"href":"https:\/\/www.zeus-braun.sk\/index.php\/wp-json\/wp\/v2\/types\/product"}],"replies":[{"embeddable":true,"href":"https:\/\/www.zeus-braun.sk\/index.php\/wp-json\/wp\/v2\/comments?post=34"}],"wp:featuredmedia":[{"embeddable":true,"href":"https:\/\/www.zeus-braun.sk\/index.php\/wp-json\/wp\/v2\/media\/12815"}],"wp:attachment":[{"href":"https:\/\/www.zeus-braun.sk\/index.php\/wp-json\/wp\/v2\/media?parent=34"}],"wp:term":[{"taxonomy":"product_brand","embeddable":true,"href":"https:\/\/www.zeus-braun.sk\/index.php\/wp-json\/wp\/v2\/product_brand?post=34"},{"taxonomy":"product_cat","embeddable":true,"href":"https:\/\/www.zeus-braun.sk\/index.php\/wp-json\/wp\/v2\/product_cat?post=34"},{"taxonomy":"product_tag","embeddable":true,"href":"https:\/\/www.zeus-braun.sk\/index.php\/wp-json\/wp\/v2\/product_tag?post=34"}],"curies":[{"name":"wp","href":"https:\/\/api.w.org\/{rel}","templated":true}]}}