{"id":337,"date":"2020-10-14T15:27:16","date_gmt":"2020-10-14T13:27:16","guid":{"rendered":"https:\/\/www.zeus-braun.sk\/?post_type=product&#038;p=337"},"modified":"2026-04-24T14:10:07","modified_gmt":"2026-04-24T12:10:07","slug":"tartelettes-mini-repa-ruzove-korenie-42cm-plato-32-ks","status":"publish","type":"product","link":"https:\/\/www.zeus-braun.sk\/index.php\/produkt\/tartelettes-mini-repa-ruzove-korenie-42cm-plato-32-ks\/","title":{"rendered":"Tartelettes Pepperoni-repa snack 4,2cm 32 ks plato"},"content":{"rendered":"<p>Cesto je obohaten\u00e9 o pr\u00e1\u0161ok z dehydrovanej \u010dervenej repy a ochuten\u00e9 mlet\u00fdm ru\u017eov\u00fdm koren\u00edm, preto disponuje n\u00e1dhernou farbou ktor\u00e1 zaujme v ka\u017edom slanom cateringu. Pre e\u0161te unik\u00e1tnej\u0161\u00ed chu\u0165ov\u00fd z\u00e1\u017eitok odpor\u00fa\u010dame plni\u0165 slan\u00fdmi n\u00e1tierkami a penami.<\/p>\n<p><span id=\"result_box\" class=\"\" lang=\"sk\">Slan\u00e9 jemn\u00e9 chrumkav\u00e9 cesto<\/span> povrchovo impregnovan\u00e9 tukom, vhodn\u00e9 na plnenie slan\u00fdmi plnkami. Povrch je potiahnut\u00fd unik\u00e1tnou technol\u00f3giou zabra\u0148uj\u00facou prenikn\u00fa\u0165 vlhkosti a \u0161\u0165av\u00e1m do cestov\u00e9ho z\u00e1kladu. V\u010faka tomu ostan\u00fa va\u0161e tartaletky v\u017edy \u010derstv\u00e9 a chrumkav\u00e9 pri ka\u017edej pr\u00edle\u017eitosti.\u00a0Recept\u00fara neobsahuje \u017eivo\u010d\u00ed\u0161ne produkty, a preto s\u00fa vhodn\u00e9 aj pre veg\u00e1nov.<\/p>\n<p>Tartaletky su vhodn\u00e9 na studen\u00fa aj tepl\u00fa kuchy\u0148u, mo\u017en\u00e9 zapeka\u0165 v\u0161etky druhy a\u017e do 180&#8217;C.<\/p>\n<div>Tartaletky prec\u00edzne bal\u00edme aby sa minimalizovalo mo\u017en\u00e9 po\u0161kodenie pri doprave.<\/div>\n<div><\/div>\n<div><b>Podmienky skladovania<\/b>: Skladujte na chladom a suchom mieste.<\/div>\n<div><img loading=\"lazy\" decoding=\"async\" class=\"alignnone size-full wp-image-4263\" src=\"https:\/\/www.cokolady.sk\/wp-content\/uploads\/2021\/04\/vegan-symbol-logo-e1646737524258.png\" alt=\"\" width=\"50\" height=\"50\" \/><\/div>\n<div>\n<p>Viac in\u0161pir\u00e1ci\u00ed na catering v tartaletk\u00e1ch m\u00f4\u017eete n\u00e1js\u0165 TU:<\/p>\n<p><a href=\"https:\/\/www.hug-foodservice.ch\/sk-en\/rezepte\/?lang=en\">www.hug-foodservice.ch &#8211; RECEPTY<\/a><\/p>\n<p><img loading=\"lazy\" decoding=\"async\" class=\"alignnone size-medium wp-image-19195\" src=\"https:\/\/www.cokolady.sk\/wp-content\/uploads\/2024\/02\/recepty-215x300.png\" alt=\"\" width=\"215\" height=\"300\" \/><\/p>\n<\/div>\n<!--themify_builder_content-->\n<div id=\"themify_builder_content-337\" data-postid=\"337\" class=\"themify_builder_content themify_builder_content-337 themify_builder tf_clear\">\n    <\/div>\n<!--\/themify_builder_content-->\n","protected":false},"excerpt":{"rendered":"<p><span id=\"result_box\" class=\"\" lang=\"sk\">Slan\u00e9 jemn\u00e9 chrumkav\u00e9 cesto<\/span>\u00a0povrchovo impregnovan\u00e9 tukom,\u00a0vhodn\u00e9 na plnenie slan\u00fdmi plnkami.<\/p>\n<p><img loading=\"lazy\" decoding=\"async\" class=\"alignnone size-full wp-image-4263\" src=\"https:\/\/www.cokolady.sk\/wp-content\/uploads\/2021\/04\/vegan-symbol-logo-e1646737524258.png\" alt=\"\" width=\"50\" height=\"50\" \/><\/p>\n<p>Ve\u013ekos\u0165 4,2 cm<\/p>\n<p><b>Balenie: 32 ks<\/b><\/p>\n","protected":false},"featured_media":10917,"comment_status":"closed","ping_status":"closed","template":"","meta":[],"product_brand":[],"product_cat":[239,187,35,36,74,39],"product_tag":[38],"class_list":{"0":"post-337","1":"product","2":"type-product","3":"status-publish","4":"has-post-thumbnail","6":"product_cat-239","7":"product_cat-vegan","8":"product_cat-silvester","9":"product_cat-tartalettes","10":"product_cat-plata","11":"product_cat-slane","12":"product_tag-hug-ag","13":"has-post-title","14":"has-post-date","15":"has-post-category","16":"has-post-tag","17":"has-post-comment","18":"has-post-author","19":"","21":"first","22":"instock","23":"downloadable","24":"taxable","25":"shipping-taxable","26":"purchasable","27":"product-type-simple"},"jetpack_sharing_enabled":true,"builder_content":"","_links":{"self":[{"href":"https:\/\/www.zeus-braun.sk\/index.php\/wp-json\/wp\/v2\/product\/337","targetHints":{"allow":["GET"]}}],"collection":[{"href":"https:\/\/www.zeus-braun.sk\/index.php\/wp-json\/wp\/v2\/product"}],"about":[{"href":"https:\/\/www.zeus-braun.sk\/index.php\/wp-json\/wp\/v2\/types\/product"}],"replies":[{"embeddable":true,"href":"https:\/\/www.zeus-braun.sk\/index.php\/wp-json\/wp\/v2\/comments?post=337"}],"wp:featuredmedia":[{"embeddable":true,"href":"https:\/\/www.zeus-braun.sk\/index.php\/wp-json\/wp\/v2\/media\/10917"}],"wp:attachment":[{"href":"https:\/\/www.zeus-braun.sk\/index.php\/wp-json\/wp\/v2\/media?parent=337"}],"wp:term":[{"taxonomy":"product_brand","embeddable":true,"href":"https:\/\/www.zeus-braun.sk\/index.php\/wp-json\/wp\/v2\/product_brand?post=337"},{"taxonomy":"product_cat","embeddable":true,"href":"https:\/\/www.zeus-braun.sk\/index.php\/wp-json\/wp\/v2\/product_cat?post=337"},{"taxonomy":"product_tag","embeddable":true,"href":"https:\/\/www.zeus-braun.sk\/index.php\/wp-json\/wp\/v2\/product_tag?post=337"}],"curies":[{"name":"wp","href":"https:\/\/api.w.org\/{rel}","templated":true}]}}