{"id":332,"date":"2020-10-14T15:27:09","date_gmt":"2020-10-14T13:27:09","guid":{"rendered":"https:\/\/www.zeus-braun.sk\/?post_type=product&#038;p=332"},"modified":"2026-04-24T14:04:56","modified_gmt":"2026-04-24T12:04:56","slug":"cigarety-van-gogh-mramorove","status":"publish","type":"product","link":"https:\/\/www.zeus-braun.sk\/index.php\/produkt\/cigarety-van-gogh-mramorove\/","title":{"rendered":"Ceruzky Van Gogh mramorov\u00e9 20cm"},"content":{"rendered":"<p><strong>Mramorovan\u00fd vzh\u013ead, \u00fa\u017easn\u00e1 zmesov\u00e1 \u010dokol\u00e1dov\u00e1 chu\u0165.<\/strong><br \/>\nCigarety Van Gogh mramorovan\u00e9 \u010dokol\u00e1dov\u00e9 cigarety s\u00fa\u00a0vyroben\u00e9 z belgickej tmavej a bielej \u010dokol\u00e1dy, maj\u00fa pekn\u00fd sat\u00e9nov\u00fd lesk a kr\u00e1snu farbu, ktor\u00e9 sa postupne menia z tmavej na bielu.\u00a0Ich jemn\u00e1 chu\u0165 a \u010dokol\u00e1da, ktor\u00e1 tancuje na podneb\u00ed od intenz\u00edvneho kakaa po kr\u00e9mov\u00e9 mlieko, z nich rob\u00ed ide\u00e1lne jedlo na ob\u010derstvenie aj na zdobenie kol\u00e1\u010dov a z\u00e1kuskov.\u00a0Ich jemne vytvoren\u00fd, remeseln\u00edcky vzh\u013ead a ve\u013ekorys\u00e1 d\u013a\u017eka V\u00e1m umo\u017e\u0148uj\u00fa okam\u017eite vytvori\u0165 p\u00fatav\u00fd a elegantn\u00fd dotyk \u010dokol\u00e1dy.<\/p>\n<p><strong><span style=\"font-family: Arial\">Podmienky skladovania:\u00a0<\/span><\/strong><\/p>\n<p><span style=\"font-family: Arial\">Nevystavujte priamemu slne\u010dn\u00e9mu \u017eiareniu, skladujte na suchom mieste bez v\u00f4n\u00ed a pachov, pri teplote 12 \u2013 20 \u00b0C a relat\u00edvnej vlhkosti do 70 %.<\/span><\/p>\n","protected":false},"excerpt":{"rendered":"<p>\u010cokol\u00e1dove cigarety z horko -bielej \u010dokol\u00e1dy, mramorovan\u00e9.<\/p>\n<p>Balenie: 900g (cca 115ks)<\/p>\n<p>Ve\u013ekos\u0165: 20 cm<\/p>\n","protected":false},"featured_media":11039,"comment_status":"closed","ping_status":"closed","template":"","meta":[],"product_brand":[],"product_cat":[240,55,72,160],"product_tag":[134],"class_list":{"0":"post-332","1":"product","2":"type-product","3":"status-publish","4":"has-post-thumbnail","6":"product_cat-240","7":"product_cat-posypy-a-dekoracie","8":"product_cat-cokoladove-ceruzky","9":"product_cat-kategorie","10":"product_tag-mona-lisa","11":"has-post-title","12":"has-post-date","13":"has-post-category","14":"has-post-tag","15":"has-post-comment","16":"has-post-author","17":"","19":"first","20":"instock","21":"taxable","22":"shipping-taxable","23":"purchasable","24":"product-type-simple"},"jetpack_sharing_enabled":true,"builder_content":"","_links":{"self":[{"href":"https:\/\/www.zeus-braun.sk\/index.php\/wp-json\/wp\/v2\/product\/332","targetHints":{"allow":["GET"]}}],"collection":[{"href":"https:\/\/www.zeus-braun.sk\/index.php\/wp-json\/wp\/v2\/product"}],"about":[{"href":"https:\/\/www.zeus-braun.sk\/index.php\/wp-json\/wp\/v2\/types\/product"}],"replies":[{"embeddable":true,"href":"https:\/\/www.zeus-braun.sk\/index.php\/wp-json\/wp\/v2\/comments?post=332"}],"wp:featuredmedia":[{"embeddable":true,"href":"https:\/\/www.zeus-braun.sk\/index.php\/wp-json\/wp\/v2\/media\/11039"}],"wp:attachment":[{"href":"https:\/\/www.zeus-braun.sk\/index.php\/wp-json\/wp\/v2\/media?parent=332"}],"wp:term":[{"taxonomy":"product_brand","embeddable":true,"href":"https:\/\/www.zeus-braun.sk\/index.php\/wp-json\/wp\/v2\/product_brand?post=332"},{"taxonomy":"product_cat","embeddable":true,"href":"https:\/\/www.zeus-braun.sk\/index.php\/wp-json\/wp\/v2\/product_cat?post=332"},{"taxonomy":"product_tag","embeddable":true,"href":"https:\/\/www.zeus-braun.sk\/index.php\/wp-json\/wp\/v2\/product_tag?post=332"}],"curies":[{"name":"wp","href":"https:\/\/api.w.org\/{rel}","templated":true}]}}