{"id":249,"date":"2020-10-14T15:26:52","date_gmt":"2020-10-14T13:26:52","guid":{"rendered":"https:\/\/www.zeus-braun.sk\/?post_type=product&#038;p=249"},"modified":"2025-03-13T10:19:42","modified_gmt":"2025-03-13T09:19:42","slug":"java-cokolada-2-5kg","status":"publish","type":"product","link":"https:\/\/www.zeus-braun.sk\/index.php\/produkt\/java-cokolada-2-5kg\/","title":{"rendered":"Java mlie\u010dna \u010dokol\u00e1da 32,6% 2,5kg"},"content":{"rendered":"<p style=\"font-weight: 400\">Vyroben\u00e1 z b\u00f4bov Criollo s jemnou pr\u00edchu\u0165ou z J\u00e1vy.<\/p>\n<p style=\"font-weight: 400\">T\u00e1to mlie\u010dna \u010dokol\u00e1da s\u00a0p\u00f4vodom, vyroben\u00e1 z \u013eahk\u00fdch b\u00f4bov Criollo s \u013eahkou pr\u00edchu\u0165ou pestovan\u00fdch a zozbieran\u00fdch na J\u00e1ve V\u00e1s najprv prekvap\u00ed svojou svetlou farbou, jemn\u00fdmi pr\u00edchu\u0165ami kakaa a karamelu. Potom odhal\u00ed osvie\u017euj\u00face kysl\u00e9 t\u00f3ny \u017elt\u00e9ho ovocia, ako napr. ban\u00e1nu a anan\u00e1su. Java je vynikaj\u00facou vo\u013ebou pre dochutenie napr. \u010dokol\u00e1dov\u00fdch ty\u010diniek a tabuliek.<\/p>\n<p style=\"font-weight: 400\">Pri p\u00e1rovan\u00ed odpor\u00fa\u010daj\u00fa na\u0161i \u0161\u00e9fkuch\u00e1ri kombinova\u0165 ju s \u013eahko kysl\u00fdm ovoc\u00edm alebo tepl\u00fdm koren\u00edm pre zv\u00fdraznenie sladkej, ovocnej chuti tejto \u010dokol\u00e1dy. Pomyslite na semienka kardam\u00f3nu, klin\u010deky alebo tak\u00e9 ovocie, ako je zelen\u00e9 jablko, mango, mandar\u00ednka at\u010f.<\/p>\n<p style=\"font-weight: 400\">S jej \u0161tandardnou tekutos\u0165ou m\u00f4\u017eete pou\u017e\u00edva\u0165 \u010dokol\u00e1du Java v \u0161irokom rozsahu pou\u017eitia: tvarov\u00e9 odlievanie, polievanie, ganache alebo dochucovanie kr\u00e9mov do pe\u010diva, pien a pod.<\/p>\n<div class=\"row\">\n<div class=\"col-sm-8\">\n<div class=\"tab-content\">\n<div id=\"tab-description\" class=\"tab-pane active\">\n<div>\n<div><b>Podmienky skladovania<\/b><\/div>\n<div>Produkt skladujte v \u010distom a suchom prostred\u00ed (relat\u00edvna vlhkos\u0165 vzduchu max. 70%) a bez z\u00e1pachu.<\/div>\n<div>Skladovacia teplota: 12 &#8211; 20\u00b0C<\/div>\n<\/div>\n<\/div>\n<\/div>\n<\/div>\n<div class=\"col-sm-4\">\n<h1><\/h1>\n<\/div>\n<\/div>\n","protected":false},"excerpt":{"rendered":"<p>T\u00e1to mlie\u010dna \u010dokol\u00e1da s\u00a0p\u00f4vodom, vyroben\u00e1 z \u013eahk\u00fdch b\u00f4bov Criollo s \u013eahkou pr\u00edchu\u0165ou pestovan\u00fdch a zozbieran\u00fdch na J\u00e1ve V\u00e1s najprv prekvap\u00ed svojou svetlou farbou, jemn\u00fdmi pr\u00edchu\u0165ami kakaa a karamelu. Potom odhal\u00ed osvie\u017euj\u00face kysl\u00e9 t\u00f3ny \u017elt\u00e9ho ovocia, ako napr. ban\u00e1nu a anan\u00e1su. Java je vynikaj\u00facou vo\u013ebou pre dochutenie napr. \u010dokol\u00e1dov\u00fdch ty\u010diniek a tabuliek.<\/p>\n<p><strong>Balenie: <b><span style=\"font-family: Arial\">drobn\u00e9 kvap\u00f4\u010dky (Callets) <\/span><\/b>2,5 kg<\/strong><\/p>\n<div><\/div>\n<div><\/div>\n<p>&nbsp;<\/p>\n<p>&nbsp;<\/p>\n","protected":false},"featured_media":13476,"comment_status":"closed","ping_status":"closed","template":"","meta":[],"product_brand":[],"product_cat":[59,65],"product_tag":[57],"class_list":{"0":"post-249","1":"product","2":"type-product","3":"status-publish","4":"has-post-thumbnail","6":"product_cat-cokolada-callebaut","7":"product_cat-origin-cokolady","8":"product_tag-barry-callebaut","9":"has-post-title","10":"has-post-date","11":"has-post-category","12":"has-post-tag","13":"has-post-comment","14":"has-post-author","15":"","17":"first","18":"outofstock","19":"taxable","20":"shipping-taxable","21":"purchasable","22":"product-type-simple"},"jetpack_sharing_enabled":true,"builder_content":"","_links":{"self":[{"href":"https:\/\/www.zeus-braun.sk\/index.php\/wp-json\/wp\/v2\/product\/249","targetHints":{"allow":["GET"]}}],"collection":[{"href":"https:\/\/www.zeus-braun.sk\/index.php\/wp-json\/wp\/v2\/product"}],"about":[{"href":"https:\/\/www.zeus-braun.sk\/index.php\/wp-json\/wp\/v2\/types\/product"}],"replies":[{"embeddable":true,"href":"https:\/\/www.zeus-braun.sk\/index.php\/wp-json\/wp\/v2\/comments?post=249"}],"wp:featuredmedia":[{"embeddable":true,"href":"https:\/\/www.zeus-braun.sk\/index.php\/wp-json\/wp\/v2\/media\/13476"}],"wp:attachment":[{"href":"https:\/\/www.zeus-braun.sk\/index.php\/wp-json\/wp\/v2\/media?parent=249"}],"wp:term":[{"taxonomy":"product_brand","embeddable":true,"href":"https:\/\/www.zeus-braun.sk\/index.php\/wp-json\/wp\/v2\/product_brand?post=249"},{"taxonomy":"product_cat","embeddable":true,"href":"https:\/\/www.zeus-braun.sk\/index.php\/wp-json\/wp\/v2\/product_cat?post=249"},{"taxonomy":"product_tag","embeddable":true,"href":"https:\/\/www.zeus-braun.sk\/index.php\/wp-json\/wp\/v2\/product_tag?post=249"}],"curies":[{"name":"wp","href":"https:\/\/api.w.org\/{rel}","templated":true}]}}