{"id":242,"date":"2020-10-14T15:26:51","date_gmt":"2020-10-14T13:26:51","guid":{"rendered":"https:\/\/www.zeus-braun.sk\/?post_type=product&#038;p=242"},"modified":"2026-01-26T14:04:05","modified_gmt":"2026-01-26T13:04:05","slug":"sao-thome-horka-cokolada-70-callebaut-2-5kg","status":"publish","type":"product","link":"https:\/\/www.zeus-braun.sk\/index.php\/produkt\/sao-thome-horka-cokolada-70-callebaut-2-5kg\/","title":{"rendered":"Sao Thome hork\u00e1 \u010dokol\u00e1da 70% 2,5kg"},"content":{"rendered":"<div>\n<p style=\"font-weight: 400\">Vyroben\u00e1 z kakaov\u00fdch b\u00f4bov odrody Amelonado z ostrova Sv\u00e4t\u00fd Tom\u00e1\u0161.<\/p>\n<p style=\"font-weight: 400\">V roku 1822 boli Sv\u00e4t\u00fd Tom\u00e1\u0161 a Pr\u00edncipe prv\u00fdmi africk\u00fdmi ostrovmi, ktor\u00e9 dov\u00e1\u017eali kakao z Braz\u00edlie, a preto boli pokrsten\u00e9 ako &#8222;\u010dokol\u00e1dov\u00e9 ostrovy&#8220;. Dodnes mo\u017eno na ostrove n\u00e1js\u0165 nieko\u013eko priamych potomkov origin\u00e1lnych rastl\u00edn Forastero z Ju\u017enej Ameriky, ktor\u00e9 d\u00e1vaj\u00fa vysoko kvalitn\u00e9 boby.<\/p>\n<p style=\"font-weight: 400\">\u010cokol\u00e1da Sao Tom\u00e9 Callebaut\u00ae m\u00e1 ve\u013emi intenz\u00edvnu a komplexn\u00fa chu\u0165, bohat\u00fa na pra\u017een\u00e9 kakao s mnoh\u00fdmi osvie\u017euj\u00facimi ovocn\u00fdmi t\u00f3nmi: marhu\u013ea, \u010derven\u00e9 ovocie, citrusy a dokonca n\u00e1znaky \u010daju.<\/p>\n<p style=\"font-weight: 400\">Sao Thoma je vynikaj\u00facou poch\u00fa\u0165kou sama o sebe. Pre p\u00e1rovanie odpor\u00fa\u010daj\u00fa na\u0161i \u0161\u00e9fkuch\u00e1ri kombinova\u0165 ju s ovoc\u00edm, ktor\u00e9 m\u00e1 stredn\u00fa a\u017e vysok\u00fa kyslos\u0165 a sladkos\u0165. N\u00e1dhern\u00e9 harm\u00f3nie vytv\u00e1ra tie\u017e \u013eahko hork\u00e9 zlo\u017eky, ako s\u00fa vla\u0161sk\u00e9 orechy alebo stredne aromatick\u00e1 k\u00e1va a tak\u00e1 korenia, ako se\u010du\u00e1nske korenie, ktor\u00e9 maj\u00fa zvierav\u00fd efekt na jazyk.<\/p>\n<p style=\"font-weight: 400\">S jej \u0161tandardnou tekutos\u0165ou m\u00f4\u017eete \u010dokol\u00e1du Sao Thome pou\u017ei\u0165 v \u0161irokom rozsahu aplik\u00e1ci\u00ed: tvarov\u00e9 odlievanie, polievanie, ganache, dochucovanie kr\u00e9mov do pe\u010diva a pien at\u010f.<\/p>\n<p style=\"font-weight: 500\">\n<\/div>\n<div><strong>Podmienky skladovania<\/strong><\/div>\n<div>Produkt skladujte v \u010distom a suchom prostred\u00ed (relat\u00edvna vlhkos\u0165 vzduchu max. 70%) a bez z\u00e1pachu.<\/div>\n<div>Skladovacia teplota: 12 &#8211; 20\u00b0C<\/div>\n","protected":false},"excerpt":{"rendered":"<p>\u010cokol\u00e1da Sao Tom\u00e9 Callebaut\u00ae m\u00e1 ve\u013emi intenz\u00edvnu a komplexn\u00fa chu\u0165, bohat\u00fa na pra\u017een\u00e9 kakao s mnoh\u00fdmi osvie\u017euj\u00facimi ovocn\u00fdmi t\u00f3nmi: marhu\u013ea, \u010derven\u00e9 ovocie, citrusy a dokonca n\u00e1znaky \u010daju.<\/p>\n<p><b><span style=\"font-family: Arial\">Balenie: 1 x 2,5kg <strong>drobn\u00e9 kvap\u00f4\u010dky (Callets) <\/strong>\u00a0<\/span><\/b><\/p>\n<p>(BOX:4&#215;2,5kg)<\/p>\n","protected":false},"featured_media":12073,"comment_status":"closed","ping_status":"closed","template":"","meta":[],"product_brand":[],"product_cat":[240,59,65],"product_tag":[57],"class_list":{"0":"post-242","1":"product","2":"type-product","3":"status-publish","4":"has-post-thumbnail","6":"product_cat-240","7":"product_cat-cokolada-callebaut","8":"product_cat-origin-cokolady","9":"product_tag-barry-callebaut","10":"has-post-title","11":"has-post-date","12":"has-post-category","13":"has-post-tag","14":"has-post-comment","15":"has-post-author","16":"","18":"first","19":"outofstock","20":"taxable","21":"shipping-taxable","22":"purchasable","23":"product-type-simple"},"jetpack_sharing_enabled":true,"builder_content":"","_links":{"self":[{"href":"https:\/\/www.zeus-braun.sk\/index.php\/wp-json\/wp\/v2\/product\/242","targetHints":{"allow":["GET"]}}],"collection":[{"href":"https:\/\/www.zeus-braun.sk\/index.php\/wp-json\/wp\/v2\/product"}],"about":[{"href":"https:\/\/www.zeus-braun.sk\/index.php\/wp-json\/wp\/v2\/types\/product"}],"replies":[{"embeddable":true,"href":"https:\/\/www.zeus-braun.sk\/index.php\/wp-json\/wp\/v2\/comments?post=242"}],"wp:featuredmedia":[{"embeddable":true,"href":"https:\/\/www.zeus-braun.sk\/index.php\/wp-json\/wp\/v2\/media\/12073"}],"wp:attachment":[{"href":"https:\/\/www.zeus-braun.sk\/index.php\/wp-json\/wp\/v2\/media?parent=242"}],"wp:term":[{"taxonomy":"product_brand","embeddable":true,"href":"https:\/\/www.zeus-braun.sk\/index.php\/wp-json\/wp\/v2\/product_brand?post=242"},{"taxonomy":"product_cat","embeddable":true,"href":"https:\/\/www.zeus-braun.sk\/index.php\/wp-json\/wp\/v2\/product_cat?post=242"},{"taxonomy":"product_tag","embeddable":true,"href":"https:\/\/www.zeus-braun.sk\/index.php\/wp-json\/wp\/v2\/product_tag?post=242"}],"curies":[{"name":"wp","href":"https:\/\/api.w.org\/{rel}","templated":true}]}}