{"id":185,"date":"2020-10-14T15:26:40","date_gmt":"2020-10-14T13:26:40","guid":{"rendered":"https:\/\/www.zeus-braun.sk\/?post_type=product&#038;p=185"},"modified":"2026-04-29T12:48:35","modified_gmt":"2026-04-29T10:48:35","slug":"le-gourmet-z-cerveneho-ovocia","status":"publish","type":"product","link":"https:\/\/www.zeus-braun.sk\/index.php\/produkt\/le-gourmet-z-cerveneho-ovocia\/","title":{"rendered":"Pyr\u00e9 z \u010derven\u00e9ho ovocia 1kg"},"content":{"rendered":"<p>Ovocn\u00e9 pyr\u00e9 pripraven\u00e9 na pou\u017eitie, pasterilizovan\u00e9 a sladen\u00e9.<\/p>\n<p style=\"font-weight: 400\">Ovocn\u00e9 pyr\u00e9 dod\u00e1va osobitn\u00fa kvalitu a svie\u017eos\u0165 ka\u017ed\u00e9mu pe\u010divu, dezertu, gelato, ovocn\u00fdm n\u00e1pojom a mnoh\u00fdm in\u00fdm jedl\u00e1m.<\/p>\n<p style=\"font-weight: 400\"><b><strong>Podmienky skladovania:<\/strong><\/b><\/p>\n<p style=\"font-weight: 400\">skladova\u0165 do max. 18 \u00b0 C,v suchom, uzavretom priestore, v p\u00f4vodnom obale, chr\u00e1\u0148te\u00a0pred mrazom a priamym\u00a0slne\u010dn\u00fdm svetlom. Po otvoren\u00ed skladujte pri 0 \u00b0 C a\u017e +4 \u00b0C a spotrebujte do 8 dn\u00ed.<\/p>\n","protected":false},"excerpt":{"rendered":"<p style=\"font-weight: 400\">Ovocn\u00e9 pyr\u00e9 dod\u00e1va osobitn\u00fa kvalitu a svie\u017eos\u0165 ka\u017ed\u00e9mu pe\u010divu, dezertu, gelato, ovocn\u00fdm n\u00e1pojom a mnoh\u00fdm in\u00fdm jedl\u00e1m.<\/p>\n<p style=\"font-weight: 400\"><b><strong>Balenie: 1kg<\/strong><\/b><\/p>\n<p>&nbsp;<\/p>\n","protected":false},"featured_media":14500,"comment_status":"closed","ping_status":"closed","template":"","meta":[],"product_brand":[],"product_cat":[240,50,51],"product_tag":[33],"class_list":{"0":"post-185","1":"product","2":"type-product","3":"status-publish","4":"has-post-thumbnail","6":"product_cat-240","7":"product_cat-ovocne-pyre","8":"product_cat-pasterizovane-pyre","9":"product_tag-martin-braun-kg","10":"has-post-title","11":"has-post-date","12":"has-post-category","13":"has-post-tag","14":"has-post-comment","15":"has-post-author","16":"","18":"first","19":"instock","20":"taxable","21":"shipping-taxable","22":"purchasable","23":"product-type-simple"},"jetpack_sharing_enabled":true,"builder_content":"","_links":{"self":[{"href":"https:\/\/www.zeus-braun.sk\/index.php\/wp-json\/wp\/v2\/product\/185","targetHints":{"allow":["GET"]}}],"collection":[{"href":"https:\/\/www.zeus-braun.sk\/index.php\/wp-json\/wp\/v2\/product"}],"about":[{"href":"https:\/\/www.zeus-braun.sk\/index.php\/wp-json\/wp\/v2\/types\/product"}],"replies":[{"embeddable":true,"href":"https:\/\/www.zeus-braun.sk\/index.php\/wp-json\/wp\/v2\/comments?post=185"}],"wp:featuredmedia":[{"embeddable":true,"href":"https:\/\/www.zeus-braun.sk\/index.php\/wp-json\/wp\/v2\/media\/14500"}],"wp:attachment":[{"href":"https:\/\/www.zeus-braun.sk\/index.php\/wp-json\/wp\/v2\/media?parent=185"}],"wp:term":[{"taxonomy":"product_brand","embeddable":true,"href":"https:\/\/www.zeus-braun.sk\/index.php\/wp-json\/wp\/v2\/product_brand?post=185"},{"taxonomy":"product_cat","embeddable":true,"href":"https:\/\/www.zeus-braun.sk\/index.php\/wp-json\/wp\/v2\/product_cat?post=185"},{"taxonomy":"product_tag","embeddable":true,"href":"https:\/\/www.zeus-braun.sk\/index.php\/wp-json\/wp\/v2\/product_tag?post=185"}],"curies":[{"name":"wp","href":"https:\/\/api.w.org\/{rel}","templated":true}]}}