{"id":15489,"date":"2021-12-02T12:41:09","date_gmt":"2021-12-02T11:41:09","guid":{"rendered":"https:\/\/www.zeus-braun.sk\/index.php\/produkt\/filipiny-horka-cokolada-68-1kg\/"},"modified":"2026-04-24T14:15:08","modified_gmt":"2026-04-24T12:15:08","slug":"filipiny-horka-cokolada-68-1kg","status":"publish","type":"product","link":"https:\/\/www.zeus-braun.sk\/index.php\/produkt\/filipiny-horka-cokolada-68-1kg\/","title":{"rendered":"Filip\u00edny Origin hork\u00e1 \u010dokol\u00e1da 68% 1kg"},"content":{"rendered":"<div>\n<div class=\"nidPne\">\n<div data-show-delay-ms=\"250\" data-append-to-body=\"true\" data-propagate-tooltip-mouseover-events=\"true\" data-anchor-corner=\"bottom-left\" data-enable-skip-handler=\"false\" data-popup-corner=\"top-left\">\n<div class=\"scLCMd\"><\/div>\n<\/div>\n<\/div>\n<p>Tropick\u00e9 s\u00faostrovie Filip\u00edny je domovom nie\u010doho pozoruhodn\u00e9ho: Rustic Experience Philippines 68 %. Juhov\u00fdchodn\u00e1 \u00e1zijsk\u00e1 p\u00f4da tu vytv\u00e1ra kakao s v\u00fdrazn\u00fdm charakterom. T\u00e1to v\u00fdnimo\u010dn\u00e1 hork\u00e1 \u010dokol\u00e1da z na\u0161ej kolekcie Signature Collection predstavuje rozv\u00edjaj\u00faci sa potenci\u00e1l filip\u00ednskeho kakaa. Tradi\u010dn\u00e9 pestovanie sa sn\u00fabi so starostliv\u00fdm v\u00fdberom z\u0155n, aby sa vytvorila skuto\u010dne sofistikovan\u00e1 \u010dokol\u00e1da. Unik\u00e1tna kl\u00edma a sope\u010dn\u00e9 p\u00f4dy t\u00fdchto ostrovov dod\u00e1vaj\u00fa tomuto p\u00f4vodu komplexnos\u0165, ktor\u00e1 ho odli\u0161uje a prin\u00e1\u0161a chute, ktor\u00e9 odr\u00e1\u017eaj\u00fa dedi\u010dstvo aj inov\u00e1cie v pestovan\u00ed kakaa. Degusta\u010dn\u00fd z\u00e1\u017eitok sa otv\u00e1ra vrstvou jasne \u010derven\u00e9ho ovocia, a n\u00e1dychom sladkosti. Ako sa rozv\u00edja, \u017eiv\u00e9 t\u00f3ny \u010derven\u00e9ho ovocia sa prehlbuj\u00fa do bohat\u00e9ho pra\u017een\u00e9ho kakaa a su\u0161en\u00e9ho ovocia, \u010do dod\u00e1va komplexnos\u0165 a teplo. Z\u00e1ver je hladk\u00fd a sladk\u00fd s pretrv\u00e1vaj\u00facimi n\u00e1znakmi \u017elt\u00e9ho a su\u0161en\u00e9ho ovocia, \u010do prin\u00e1\u0161a bohat\u00fa, ovocn\u00fa a uspokojuj\u00facu chu\u0165ov\u00fa cestu.<\/p>\n<\/div>\n<div><strong>Podmienky skladovania<\/strong><\/div>\n<div>Produkt skladujte v \u010distom a suchom prostred\u00ed (relat\u00edvna vlhkos\u0165 vzduchu max. 70%) a bez z\u00e1pachu.<\/div>\n<div>Skladovacia teplota: 12 &#8211; 20\u00b0C<\/div>\n","protected":false},"excerpt":{"rendered":"<div class=\"ZTPlmc\">\u017div\u00e9 t\u00f3ny \u010derven\u00e9ho ovocia sa prehlbuj\u00fa do bohat\u00e9ho pra\u017een\u00e9ho kakaa a su\u0161en\u00e9ho ovocia, \u010d\u00edm dod\u00e1vaj\u00fa komplexnos\u0165 a teplo do neoby\u010dajnej \u010dokol\u00e1dy z Filip\u00edn.<\/div>\n<p><b><span style=\"font-family: Arial\">Balenie: <strong>drobn\u00e9 kvap\u00f4\u010dky (Callets) <\/strong>1 kg\u00a0<\/span><\/b><\/p>\n<p>&nbsp;<\/p>\n","protected":false},"featured_media":15488,"comment_status":"closed","ping_status":"closed","template":"","meta":[],"product_brand":[],"product_cat":[240,161,163,76,65],"product_tag":[128],"class_list":{"0":"post-15489","1":"product","2":"type-product","3":"status-publish","4":"has-post-thumbnail","6":"product_cat-240","7":"product_cat-promo","8":"product_cat-cokolada_cacao_barry","9":"product_cat-1-kg-balenie","10":"product_cat-origin-cokolady","11":"product_tag-cacao-barry","12":"has-post-title","13":"has-post-date","14":"has-post-category","15":"has-post-tag","16":"has-post-comment","17":"has-post-author","18":"","20":"first","21":"instock","22":"taxable","23":"shipping-taxable","24":"purchasable","25":"product-type-simple"},"jetpack_sharing_enabled":true,"builder_content":"","_links":{"self":[{"href":"https:\/\/www.zeus-braun.sk\/index.php\/wp-json\/wp\/v2\/product\/15489","targetHints":{"allow":["GET"]}}],"collection":[{"href":"https:\/\/www.zeus-braun.sk\/index.php\/wp-json\/wp\/v2\/product"}],"about":[{"href":"https:\/\/www.zeus-braun.sk\/index.php\/wp-json\/wp\/v2\/types\/product"}],"replies":[{"embeddable":true,"href":"https:\/\/www.zeus-braun.sk\/index.php\/wp-json\/wp\/v2\/comments?post=15489"}],"wp:featuredmedia":[{"embeddable":true,"href":"https:\/\/www.zeus-braun.sk\/index.php\/wp-json\/wp\/v2\/media\/15488"}],"wp:attachment":[{"href":"https:\/\/www.zeus-braun.sk\/index.php\/wp-json\/wp\/v2\/media?parent=15489"}],"wp:term":[{"taxonomy":"product_brand","embeddable":true,"href":"https:\/\/www.zeus-braun.sk\/index.php\/wp-json\/wp\/v2\/product_brand?post=15489"},{"taxonomy":"product_cat","embeddable":true,"href":"https:\/\/www.zeus-braun.sk\/index.php\/wp-json\/wp\/v2\/product_cat?post=15489"},{"taxonomy":"product_tag","embeddable":true,"href":"https:\/\/www.zeus-braun.sk\/index.php\/wp-json\/wp\/v2\/product_tag?post=15489"}],"curies":[{"name":"wp","href":"https:\/\/api.w.org\/{rel}","templated":true}]}}