{"id":15476,"date":"2021-06-03T10:01:41","date_gmt":"2021-06-03T08:01:41","guid":{"rendered":"https:\/\/www.zeus-braun.sk\/index.php\/produkt\/tanzania-horka-cokolada-1kg\/"},"modified":"2026-04-24T14:15:10","modified_gmt":"2026-04-24T12:15:10","slug":"tanzania-horka-cokolada-1kg","status":"publish","type":"product","link":"https:\/\/www.zeus-braun.sk\/index.php\/produkt\/tanzania-horka-cokolada-1kg\/","title":{"rendered":"Tanz\u00e1nia hork\u00e1 \u010dokol\u00e1da 75% 1kg"},"content":{"rendered":"<div>\n<p>Hork\u00e1 \u010dokol\u00e1da poch\u00e1dzj\u00faca z pl\u00e1n\u00ed Tanz\u00e1nie, z krajiny kme\u0148a Swahilcov z odr\u00f4d Criollo a Forastero.<\/p>\n<p>Siln\u00e1, ostr\u00e1 \u010dokol\u00e1da s ovocnou a korenistou v\u00f4\u0148ou.<\/p>\n<p><strong>Neobsahuje S\u00d3JOV\u00dd LECIT\u00cdN.<\/strong><\/p>\n<p><img loading=\"lazy\" decoding=\"async\" class=\"alignnone size-medium wp-image-19376\" src=\"https:\/\/www.cokolady.sk\/wp-content\/uploads\/2020\/10\/tanzania-1-300x130.png\" alt=\"\" width=\"300\" height=\"130\" \/><\/p>\n<h4><img loading=\"lazy\" decoding=\"async\" class=\"alignnone size-medium wp-image-19377\" src=\"https:\/\/www.cokolady.sk\/wp-content\/uploads\/2020\/10\/tanzania2-203x300.png\" alt=\"\" width=\"203\" height=\"300\" \/><\/h4>\n<p><strong>Na\u0161e hodnoty<\/strong><\/p>\n<p>Odoln\u00fd duch, rafinovan\u00e9 zmysly. S odvahou a vizion\u00e1rskym in\u0161tinktom,<\/p>\n<p>Charles Barry polo\u017eil z\u00e1klady dne\u0161nej kakaovej a \u010dokol\u00e1dovej infra\u0161trukt\u00fary.<\/p>\n<p>Toto jeho odhodlanie mo\u017eno st\u00e1le n\u00e1js\u0165 aj u na\u0161ich \u013eud\u00ed, ktor\u00ed pokra\u010duj\u00fa v jeho za\u010datej ceste. Rovnako ako na\u0161i z\u00e1kazn\u00edci, aj pestovatelia pou\u017e\u00edvaj\u00fa v\u0161etky svoje zmysly na neust\u00e1le vylep\u0161ovanie techniky a rozv\u00edjanie nov\u00fdch met\u00f3d vo svete kakaa a \u010dokol\u00e1dy, tak aj my neust\u00e1le pracujeme na dosiahnut\u00ed spr\u00e1vnej rovnov\u00e1hy medzi tvrdos\u0165ou a jemnos\u0165ou. Ver\u00edme, \u017ee t\u00e1to rovnov\u00e1ha V\u00e1s bude in\u0161pirova\u0165 a zabezpe\u010d\u00ed na\u0161u spolo\u010dn\u00fa bud\u00facnos\u0165 po nasleduj\u00face desa\u0165ro\u010die.<\/p>\n<p><strong>Na\u0161a misia<\/strong><\/p>\n<p>Pozna\u0165 kakao, pozna\u0165 \u010dokol\u00e1du. Na\u0161\u00edm poslan\u00edm je prin\u00e1\u0161a\u0165 cel\u00fd pr\u00edbeh \u010dokol\u00e1dy, po\u010dn\u00fac od sam\u00e9ho zdroja: kakaa.<\/p>\n<p><strong>Na\u0161a v\u00edzia<\/strong><\/p>\n<p>Poha\u0148an\u00fd viac ako 170 rokov skusenos\u0165ami v oblasti kakaa a \u010dokol\u00e1dy, m\u00e1me hlboko zakorenen\u00e9 pochopenie samotn\u00e9ho po\u010diatku \u010dokol\u00e1dy. To n\u00e1m umo\u017e\u0148uje prinies\u0165 kakao z pozoruhodn\u00fdch miest na svete. Tvrdo pracujeme, aby sme zabezpe\u010dili kakao pre bud\u00face gener\u00e1cie a s chu\u0165ou pracujeme na rozmanitosti kvalitn\u00e9ho kakaa a jemnej \u010dokol\u00e1dy.<\/p>\n<\/div>\n<div><strong>Podmienky skladovania<\/strong><\/div>\n<div>Produkt skladujte v \u010distom a suchom prostred\u00ed (relat\u00edvna vlhkos\u0165 vzduchu max. 70%) a bez z\u00e1pachu.<\/div>\n<div>Skladovacia teplota: 12 &#8211; 20\u00b0C<\/div>\n","protected":false},"excerpt":{"rendered":"<p>Hork\u00e1 \u010dokol\u00e1da poch\u00e1dzj\u00faca z pl\u00e1n\u00ed Tanz\u00e1nie, z krajiny kme\u0148a Swahilcov z odr\u00f4d Criollo a Forastero.<br \/>\nSiln\u00e1, ostr\u00e1 \u010dokol\u00e1da s ovocnou a korenistou v\u00f4\u0148ou.<br \/>\nNeobsahuje\u00a0SOJOV\u00dd LECIT\u00cdN.<\/p>\n<p><strong>Balenie: 1 x 1kg drobn\u00e9 kvap\u00f4\u010dky (Callets)\u00a0<\/strong><\/p>\n<p>(BOX:6x1kg)<\/p>\n","protected":false},"featured_media":15475,"comment_status":"closed","ping_status":"closed","template":"","meta":[],"product_brand":[],"product_cat":[240,161,163,59,65],"product_tag":[128],"class_list":{"0":"post-15476","1":"product","2":"type-product","3":"status-publish","4":"has-post-thumbnail","6":"product_cat-240","7":"product_cat-promo","8":"product_cat-cokolada_cacao_barry","9":"product_cat-cokolada-callebaut","10":"product_cat-origin-cokolady","11":"product_tag-cacao-barry","12":"has-post-title","13":"has-post-date","14":"has-post-category","15":"has-post-tag","16":"has-post-comment","17":"has-post-author","18":"","20":"first","21":"instock","22":"taxable","23":"shipping-taxable","24":"purchasable","25":"product-type-simple"},"jetpack_sharing_enabled":true,"builder_content":"","_links":{"self":[{"href":"https:\/\/www.zeus-braun.sk\/index.php\/wp-json\/wp\/v2\/product\/15476","targetHints":{"allow":["GET"]}}],"collection":[{"href":"https:\/\/www.zeus-braun.sk\/index.php\/wp-json\/wp\/v2\/product"}],"about":[{"href":"https:\/\/www.zeus-braun.sk\/index.php\/wp-json\/wp\/v2\/types\/product"}],"replies":[{"embeddable":true,"href":"https:\/\/www.zeus-braun.sk\/index.php\/wp-json\/wp\/v2\/comments?post=15476"}],"wp:featuredmedia":[{"embeddable":true,"href":"https:\/\/www.zeus-braun.sk\/index.php\/wp-json\/wp\/v2\/media\/15475"}],"wp:attachment":[{"href":"https:\/\/www.zeus-braun.sk\/index.php\/wp-json\/wp\/v2\/media?parent=15476"}],"wp:term":[{"taxonomy":"product_brand","embeddable":true,"href":"https:\/\/www.zeus-braun.sk\/index.php\/wp-json\/wp\/v2\/product_brand?post=15476"},{"taxonomy":"product_cat","embeddable":true,"href":"https:\/\/www.zeus-braun.sk\/index.php\/wp-json\/wp\/v2\/product_cat?post=15476"},{"taxonomy":"product_tag","embeddable":true,"href":"https:\/\/www.zeus-braun.sk\/index.php\/wp-json\/wp\/v2\/product_tag?post=15476"}],"curies":[{"name":"wp","href":"https:\/\/api.w.org\/{rel}","templated":true}]}}