{"id":154,"date":"2025-04-23T09:52:01","date_gmt":"2025-04-23T07:52:01","guid":{"rendered":"https:\/\/www.zeus-braun.sk\/?post_type=product&#038;p=154"},"modified":"2026-04-24T14:10:39","modified_gmt":"2026-04-24T12:10:39","slug":"schokobella-mliecna-2","status":"publish","type":"product","link":"https:\/\/www.zeus-braun.sk\/index.php\/produkt\/schokobella-mliecna-2\/","title":{"rendered":"Schokobella hork\u00e1 6kg"},"content":{"rendered":"<p>Revolu\u010dn\u00fd kr\u00e9m pre ka\u017ed\u00fa pek\u00e1re\u0148, cukr\u00e1re\u0148. Kr\u00e9m pod\u013ea patentovan\u00e9ho receptu zlo\u017een\u00fd z 3 tukov zaru\u010duje dlhotrvaj\u00facu st\u00e1los\u0165.<\/p>\n<p>Ako stabiliz\u00e1tor je pou\u017eit\u00fd pr\u00edrodn\u00fd soja-lecit\u00edn, bez pridan\u00fdch konzervantov predl\u017euj\u00faci z\u00e1ruku va\u0161ich v\u00fdrobkov. Kr\u00e9m je stabiln\u00fd po vy\u0161\u013eahan\u00ed a\u017e do 3 mesiacov. Jednoduch\u00e9 pou\u017eitie pom\u00e1ha ur\u00fdchli\u0165 proces v\u00fdroby, skracuje n\u00e1ro\u010dnos\u0165 na pr\u00e1cu.<\/p>\n<p>Kr\u00e9m je pripraven\u00fd na pou\u017eitie okam\u017eite po otvoren\u00ed balenia. Sta\u010d\u00ed vlo\u017ei\u0165 kr\u00e9m v tuhom stave do \u0161\u013eaha\u010da a pribli\u017ene 4min\u00faty \u0161\u013eaha\u0165. Kr\u00e9m nie je mo\u017en\u00e9 pre\u0161\u013eaha\u0165. Ak pri \u0161\u013eahan\u00ed ost\u00e1va kr\u00e9m moc m\u00e4kk\u00fd, vlo\u017ete ho na 30min do chladni\u010dky, kde op\u00e4\u0165 stuhne. Po stuhnut\u00ed ho m\u00f4\u017eeme op\u00e4\u0165 \u0161\u013eaha\u0165. D\u00e1 sa pou\u017ei\u013e aj ako poleva , zamatovo leskl\u00e1 . Po nahriat\u00ed cca na\u00a0 45\u00b0C sa \u0148ou m\u00f4\u017ee oblia\u0165 dezert. Po stuhnut\u00ed sa\u00a0 nel\u00e1me a d\u00e1 sa kr\u00e1ja\u0165 no\u017eom.<\/p>\n<p><strong>\u0160\u013eahan\u00edm narastie objem a\u017e o 70% !<\/strong><\/p>\n<p>Schokobella m\u00f4\u017ee by\u0165 dochuten\u00e1<span class=\"Apple-converted-space\">\u00a0<\/span><a href=\"http:\/\/www.cokolady.sk\/shop\/upload\/index.php?route=product\/category&amp;path=62_67\">Dezertn\u00fdmi Pastami<\/a>.<\/p>\n<p>Na 1kg Schokobelly sa pred \u0161lahanim prid\u00e1 do \u0161laha\u010da 40g<span class=\"Apple-converted-space\">\u00a0<\/span><a href=\"http:\/\/www.cokolady.sk\/shop\/upload\/index.php?route=product\/category&amp;path=62_67\">Dezertnej Pasty<\/a>.<\/p>\n<p>Pri Dezertn\u00fdch past\u00e1ch s obsahom alkoholu je potrebn\u00e9 prida\u0165 na 1kg Schokobelly 200g masla a 40g<span class=\"Apple-converted-space\">\u00a0<\/span><a href=\"http:\/\/www.cokolady.sk\/shop\/upload\/index.php?route=product\/category&amp;path=62_67\">Dezertnej Pasty<\/a>.<\/p>\n<p>&nbsp;<\/p>\n<p><span style=\"color: #666666\"><b>Podmienky skladovania:<\/b><\/span><\/p>\n<p><span style=\"color: #666666\">skladova\u0165 do max. 20 \u00b0 C v suchom, uzavretom priestore, v p\u00f4vodnom obale, chr\u00e1\u0148te pred mrazom a priamym slne\u010dn\u00fdm svetlom.<\/span><\/p>\n","protected":false},"excerpt":{"rendered":"<p>Revolu\u010dn\u00fd kr\u00e9m pre ka\u017ed\u00fa pek\u00e1re\u0148, cukr\u00e1re\u0148. Kr\u00e9m pod\u013ea patentovan\u00e9ho receptu zlo\u017een\u00fd z 3 tukov zaru\u010duje dlhotrvaj\u00facu st\u00e1los\u0165.<\/p>\n<p>Kr\u00e9m je pripraven\u00fd na pou\u017eitie okam\u017eite po otvoren\u00ed balenia. Sta\u010d\u00ed vlo\u017ei\u0165 kr\u00e9m v tuhom stave do \u0161\u013eaha\u010da a pribli\u017ene 4min\u00faty \u0161\u013eaha\u0165. Kr\u00e9m nie je mo\u017en\u00e9 pre\u0161\u013eaha\u0165. Ak pri \u0161\u013eahan\u00ed ost\u00e1va kr\u00e9m moc m\u00e4kk\u00fd, vlo\u017ete ho na 30min do chladni\u010dky, kde op\u00e4\u0165 stuhne. Po stuhnut\u00ed ho m\u00f4\u017eeme op\u00e4\u0165 \u0161\u013eaha\u0165.<\/p>\n<p><strong>\u0160\u013eahan\u00edm narastie objem a\u017e o 70% !<\/strong><\/p>\n<p><strong>Balenie: 6kg<\/strong><\/p>\n","protected":false},"featured_media":14481,"comment_status":"closed","ping_status":"closed","template":"","meta":[],"product_brand":[],"product_cat":[240,229,49,47,48],"product_tag":[33],"class_list":{"0":"post-154","1":"product","2":"type-product","3":"status-publish","4":"has-post-thumbnail","6":"product_cat-240","7":"product_cat-hotove-plnky","8":"product_cat-hotove-kremy","9":"product_cat-plnky-do-praliniek","10":"product_cat-polevy","11":"product_tag-martin-braun-kg","12":"has-post-title","13":"has-post-date","14":"has-post-category","15":"has-post-tag","16":"has-post-comment","17":"has-post-author","18":"","20":"first","21":"instock","22":"taxable","23":"shipping-taxable","24":"purchasable","25":"product-type-simple"},"jetpack_sharing_enabled":true,"builder_content":"","_links":{"self":[{"href":"https:\/\/www.zeus-braun.sk\/index.php\/wp-json\/wp\/v2\/product\/154","targetHints":{"allow":["GET"]}}],"collection":[{"href":"https:\/\/www.zeus-braun.sk\/index.php\/wp-json\/wp\/v2\/product"}],"about":[{"href":"https:\/\/www.zeus-braun.sk\/index.php\/wp-json\/wp\/v2\/types\/product"}],"replies":[{"embeddable":true,"href":"https:\/\/www.zeus-braun.sk\/index.php\/wp-json\/wp\/v2\/comments?post=154"}],"wp:featuredmedia":[{"embeddable":true,"href":"https:\/\/www.zeus-braun.sk\/index.php\/wp-json\/wp\/v2\/media\/14481"}],"wp:attachment":[{"href":"https:\/\/www.zeus-braun.sk\/index.php\/wp-json\/wp\/v2\/media?parent=154"}],"wp:term":[{"taxonomy":"product_brand","embeddable":true,"href":"https:\/\/www.zeus-braun.sk\/index.php\/wp-json\/wp\/v2\/product_brand?post=154"},{"taxonomy":"product_cat","embeddable":true,"href":"https:\/\/www.zeus-braun.sk\/index.php\/wp-json\/wp\/v2\/product_cat?post=154"},{"taxonomy":"product_tag","embeddable":true,"href":"https:\/\/www.zeus-braun.sk\/index.php\/wp-json\/wp\/v2\/product_tag?post=154"}],"curies":[{"name":"wp","href":"https:\/\/api.w.org\/{rel}","templated":true}]}}