{"id":15308,"date":"2026-02-02T15:18:07","date_gmt":"2026-02-02T14:18:07","guid":{"rendered":"https:\/\/www.zeus-braun.sk\/index.php\/produkt\/valrhona-amatika-madagaskar-46-mliecna-vegan-250g\/"},"modified":"2026-04-30T14:11:35","modified_gmt":"2026-04-30T12:11:35","slug":"valrhona-amatika-madagaskar-46-mliecna-vegan-250g","status":"publish","type":"product","link":"https:\/\/www.zeus-braun.sk\/index.php\/produkt\/valrhona-amatika-madagaskar-46-mliecna-vegan-250g\/","title":{"rendered":"Valrhona Amatika Madagaskar 46% &#8222;mlie\u010dna&#8220; VEGAN 250g"},"content":{"rendered":"<p>Jedine\u010dn\u00e1, jemn\u00e1 a kr\u00e9mov\u00e1. To je Amatika &#8222;mlie\u010dna&#8220; vegan \u010dokol\u00e1da. Lahodn\u00fa kr\u00e9mov\u00fa chu\u0165 a zlo\u017eku tu zabezpe\u010duj\u00fa mandle, tak\u017ee je 100% veg\u00e1nska. Pre v\u0161etk\u00fdch, ktor\u00ed nem\u00f4\u017eu, alebo nechc\u00fa konzumova\u0165 mlieko, alebo h\u013eadaj\u00fa alternat\u00edvu do svojich praliniek a dezertov.<\/p>\n<p>CHU\u0164 BOHAT\u00c1 NA KAKAO, OBILNINY A<br \/>\nPRA\u017dEN\u00c9 MANDLE<br \/>\nKr\u00e9mov\u00e1 text\u00fara Amatiky pon\u00faka t\u00f3ny kakaa s pra\u017een\u00fdmi mand\u013eami, spolu s n\u00e1znakom pikantnosti pripom\u00ednaj\u00fa piknik v pokojnej Malagaskej z\u00e1hrade.<\/p>\n<p>\u010cokol\u00e1da franc\u00fazskej zna\u010dky Valrhona je to najlep\u0161ie, \u010do \u010dokol\u00e1dov\u00fd svet pon\u00faka. Stvoren\u00e1 pre profesion\u00e1lov, pou\u017e\u00edvan\u00e1 pr\u00e9miov\u00fdmi, a MICHELIN re\u0161taur\u00e1ciami po celom svete.<\/p>\n<p><img loading=\"lazy\" decoding=\"async\" class=\"alignnone size-medium wp-image-25796\" src=\"https:\/\/www.cokolady.sk\/wp-content\/uploads\/2025\/09\/Amatika-ml-212x300.png\" alt=\"\" width=\"212\" height=\"300\" \/><\/p>\n<div><b>Podmienky skladovania<\/b><\/div>\n<div>Produkt skladujte v \u010distom a suchom prostred\u00ed (relat\u00edvna vlhkos\u0165 vzduchu max. 70%) a bez z\u00e1pachu.<\/div>\n<div>Skladovacia teplota: 12 \u2013 20\u00b0C<\/div>\n","protected":false},"excerpt":{"rendered":"<p>Jedine\u010dn\u00e1, jemn\u00e1 a kr\u00e9mov\u00e1. To je Amatika &#8222;mlie\u010dna&#8220; vegan \u010dokol\u00e1da. Lahodn\u00fa smotanov\u00fa chu\u0165 a zlo\u017eku tu zabezpe\u010duj\u00fa mandle, tak\u017ee je 100% veg\u00e1nska. Pre v\u0161etk\u00fdch, ktor\u00ed nem\u00f4\u017eu, alebo nechc\u00fa konzumova\u0165 mlieko, alebo h\u013eadaj\u00fa alternat\u00edvu do svojich praliniek a dezertov.<\/p>\n<p><strong>Single Origin : <\/strong>Madagaskar, oblas\u0165 Ambanja<\/p>\n<p><strong>Balenie: 250g (penia\u017eky ov\u00e1l)\u00a0<\/strong><\/p>\n<p><img loading=\"lazy\" decoding=\"async\" class=\"alignnone size-full wp-image-4263\" src=\"https:\/\/www.cokolady.sk\/wp-content\/uploads\/2021\/04\/vegan-symbol-logo-e1646737524258.png\" alt=\"\" width=\"50\" height=\"50\" \/><\/p>\n","protected":false},"featured_media":15316,"comment_status":"open","ping_status":"closed","template":"","meta":[],"product_brand":[],"product_cat":[240,259,256,228,258,255,257,252],"product_tag":[],"class_list":{"0":"post-15308","1":"product","2":"type-product","3":"status-publish","4":"has-post-thumbnail","6":"product_cat-240","7":"product_cat-250g","8":"product_cat-cokolada-valrhona","9":"product_cat-novinka","10":"product_cat-single-origin","11":"product_cat-valrhona-cokolada","12":"product_cat-vegan-cokolada-valrhona","13":"product_cat-vegan_cokolada","14":"has-post-title","15":"has-post-date","16":"has-post-category","17":"has-post-tag","18":"has-post-comment","19":"has-post-author","20":"","22":"first","23":"instock","24":"taxable","25":"shipping-taxable","26":"purchasable","27":"product-type-simple"},"jetpack_sharing_enabled":true,"builder_content":"","_links":{"self":[{"href":"https:\/\/www.zeus-braun.sk\/index.php\/wp-json\/wp\/v2\/product\/15308","targetHints":{"allow":["GET"]}}],"collection":[{"href":"https:\/\/www.zeus-braun.sk\/index.php\/wp-json\/wp\/v2\/product"}],"about":[{"href":"https:\/\/www.zeus-braun.sk\/index.php\/wp-json\/wp\/v2\/types\/product"}],"replies":[{"embeddable":true,"href":"https:\/\/www.zeus-braun.sk\/index.php\/wp-json\/wp\/v2\/comments?post=15308"}],"wp:featuredmedia":[{"embeddable":true,"href":"https:\/\/www.zeus-braun.sk\/index.php\/wp-json\/wp\/v2\/media\/15316"}],"wp:attachment":[{"href":"https:\/\/www.zeus-braun.sk\/index.php\/wp-json\/wp\/v2\/media?parent=15308"}],"wp:term":[{"taxonomy":"product_brand","embeddable":true,"href":"https:\/\/www.zeus-braun.sk\/index.php\/wp-json\/wp\/v2\/product_brand?post=15308"},{"taxonomy":"product_cat","embeddable":true,"href":"https:\/\/www.zeus-braun.sk\/index.php\/wp-json\/wp\/v2\/product_cat?post=15308"},{"taxonomy":"product_tag","embeddable":true,"href":"https:\/\/www.zeus-braun.sk\/index.php\/wp-json\/wp\/v2\/product_tag?post=15308"}],"curies":[{"name":"wp","href":"https:\/\/api.w.org\/{rel}","templated":true}]}}