{"id":15307,"date":"2026-02-02T15:18:07","date_gmt":"2026-02-02T14:18:07","guid":{"rendered":"https:\/\/www.zeus-braun.sk\/index.php\/produkt\/valrhona-amatika-35-biela-vegan-250g\/"},"modified":"2026-04-30T14:11:37","modified_gmt":"2026-04-30T12:11:37","slug":"valrhona-amatika-35-biela-vegan-250g","status":"publish","type":"product","link":"https:\/\/www.zeus-braun.sk\/index.php\/produkt\/valrhona-amatika-35-biela-vegan-250g\/","title":{"rendered":"Valrhona Amatika 35% biela VEGAN 250g"},"content":{"rendered":"<p>Jedine\u010dn\u00e1, jemn\u00e1 a kr\u00e9mov\u00e1. To je Amatika vegan biela \u010dokol\u00e1da. Lahodn\u00fa smotanov\u00fa chu\u0165 a zlo\u017eku tu zabezpe\u010duj\u00fa mandle, tak\u017ee je 100% veg\u00e1nska. Pre v\u0161etk\u00fdch, ktor\u00ed nem\u00f4\u017eu, alebo nechc\u00fa konzumova\u0165 mlieko, alebo h\u013eadaj\u00fa alternat\u00edvu do svojich praliniek a dezertov.<\/p>\n<p>ORECHY A MANDLE<br \/>\nSladk\u00e9 mand\u013eov\u00e9 a orie\u0161kov\u00e9 t\u00f3ny v\u00f4ne Amatika Blanche nab\u00e1daj\u00fa k pokojn\u00e9mu rozj\u00edmaniu, ako pozorovanie vlniacich sa odrazov v pokojnej rieke za letn\u00e9ho d\u0148a.<br \/>\n\u010cokol\u00e1da franc\u00fazskej zna\u010dky Valrhona je to najlep\u0161ie, \u010do \u010dokol\u00e1dov\u00fd svet pon\u00faka. Stvoren\u00e1 pre profesion\u00e1lov, pou\u017e\u00edvan\u00e1 pr\u00e9miov\u00fdmi, a Michelin re\u0161taur\u00e1ciami po celom svete.<\/p>\n<p><img loading=\"lazy\" decoding=\"async\" class=\"alignnone size-medium wp-image-25795\" src=\"https:\/\/www.cokolady.sk\/wp-content\/uploads\/2025\/09\/Amatika-biela-1-231x300.png\" alt=\"\" width=\"231\" height=\"300\" \/><\/p>\n<div><b>Podmienky skladovania<\/b><\/div>\n<div>Produkt skladujte v \u010distom a suchom prostred\u00ed (relat\u00edvna vlhkos\u0165 vzduchu max. 70%) a bez z\u00e1pachu.<\/div>\n<div>Skladovacia teplota: 12 \u2013 20\u00b0C<\/div>\n","protected":false},"excerpt":{"rendered":"<p>Jedine\u010dn\u00e1, jemn\u00e1 a smotanov\u00e1. To je Amatika vegan biela \u010dokol\u00e1da. Lahodn\u00fa smotanov\u00fa chu\u0165 a zlo\u017eku tu zabezpe\u010duj\u00fa mandle, tak\u017ee je 100% veg\u00e1nska. Pre v\u0161etk\u00fdch, ktor\u00ed nem\u00f4\u017eu, alebo nechc\u00fa konzumova\u0165 mlieko, alebo h\u013eadaj\u00fa alternat\u00edvu do svojich praliniek a dezertov.<\/p>\n<p><strong>Balenie: 250g (penia\u017eky ov\u00e1l)<\/strong><\/p>\n<p><img loading=\"lazy\" decoding=\"async\" class=\"alignnone size-full wp-image-4263\" src=\"https:\/\/www.cokolady.sk\/wp-content\/uploads\/2021\/04\/vegan-symbol-logo-e1646737524258.png\" alt=\"\" width=\"50\" height=\"50\" \/><\/p>\n","protected":false},"featured_media":15318,"comment_status":"open","ping_status":"closed","template":"","meta":[],"product_brand":[],"product_cat":[240,259,228,255,257,252],"product_tag":[247],"class_list":{"0":"post-15307","1":"product","2":"type-product","3":"status-publish","4":"has-post-thumbnail","6":"product_cat-240","7":"product_cat-250g","8":"product_cat-novinka","9":"product_cat-valrhona-cokolada","10":"product_cat-vegan-cokolada-valrhona","11":"product_cat-vegan_cokolada","12":"product_tag-valrhona","13":"has-post-title","14":"has-post-date","15":"has-post-category","16":"has-post-tag","17":"has-post-comment","18":"has-post-author","19":"","21":"first","22":"instock","23":"taxable","24":"shipping-taxable","25":"purchasable","26":"product-type-simple"},"jetpack_sharing_enabled":true,"builder_content":"","_links":{"self":[{"href":"https:\/\/www.zeus-braun.sk\/index.php\/wp-json\/wp\/v2\/product\/15307","targetHints":{"allow":["GET"]}}],"collection":[{"href":"https:\/\/www.zeus-braun.sk\/index.php\/wp-json\/wp\/v2\/product"}],"about":[{"href":"https:\/\/www.zeus-braun.sk\/index.php\/wp-json\/wp\/v2\/types\/product"}],"replies":[{"embeddable":true,"href":"https:\/\/www.zeus-braun.sk\/index.php\/wp-json\/wp\/v2\/comments?post=15307"}],"wp:featuredmedia":[{"embeddable":true,"href":"https:\/\/www.zeus-braun.sk\/index.php\/wp-json\/wp\/v2\/media\/15318"}],"wp:attachment":[{"href":"https:\/\/www.zeus-braun.sk\/index.php\/wp-json\/wp\/v2\/media?parent=15307"}],"wp:term":[{"taxonomy":"product_brand","embeddable":true,"href":"https:\/\/www.zeus-braun.sk\/index.php\/wp-json\/wp\/v2\/product_brand?post=15307"},{"taxonomy":"product_cat","embeddable":true,"href":"https:\/\/www.zeus-braun.sk\/index.php\/wp-json\/wp\/v2\/product_cat?post=15307"},{"taxonomy":"product_tag","embeddable":true,"href":"https:\/\/www.zeus-braun.sk\/index.php\/wp-json\/wp\/v2\/product_tag?post=15307"}],"curies":[{"name":"wp","href":"https:\/\/api.w.org\/{rel}","templated":true}]}}