{"id":15193,"date":"2025-12-23T11:50:07","date_gmt":"2025-12-23T10:50:07","guid":{"rendered":"https:\/\/www.zeus-braun.sk\/index.php\/produkt\/glukozovy-sirup-15kg\/"},"modified":"2026-05-01T20:06:18","modified_gmt":"2026-05-01T18:06:18","slug":"glukozovy-sirup-15kg","status":"publish","type":"product","link":"https:\/\/www.zeus-braun.sk\/index.php\/produkt\/glukozovy-sirup-15kg\/","title":{"rendered":"Gluk\u00f3zov\u00fd sirup 40DE 1,5kg"},"content":{"rendered":"<p>Gluk\u00f3za, na stabiliz\u00e1ciu plniek.<\/p>\n<p>Krajina p\u00f4vodu \u0160panielsko<\/p>\n<p><b><span style=\"font-family: Arial\">Podmienky skladovania:<\/span><\/b><\/p>\n<p><span style=\"font-family: Arial\">Sladujte pri teplote 12- 20 \u00b0C pri maxim\u00e1lnej vlhkosti do 65 %.\u00a0 Uchov\u00e1vajte\u00a0 v suchu v p\u00f4vodnom obale v \u010distom prostred\u00ed.<\/span><\/p>\n","protected":false},"excerpt":{"rendered":"<p><b>Balenie: 1,5kg<\/b><\/p>\n","protected":false},"featured_media":15192,"comment_status":"closed","ping_status":"closed","template":"","meta":[],"product_brand":[],"product_cat":[239,228,254,105],"product_tag":[],"class_list":{"0":"post-15193","1":"product","2":"type-product","3":"status-publish","4":"has-post-thumbnail","6":"product_cat-239","7":"product_cat-novinka","8":"product_cat-sosa","9":"product_cat-cukry-a-sladidla","10":"has-post-title","11":"has-post-date","12":"has-post-category","13":"has-post-tag","14":"has-post-comment","15":"has-post-author","16":"","18":"first","19":"instock","20":"taxable","21":"shipping-taxable","22":"purchasable","23":"product-type-simple"},"jetpack_sharing_enabled":true,"builder_content":"","_links":{"self":[{"href":"https:\/\/www.zeus-braun.sk\/index.php\/wp-json\/wp\/v2\/product\/15193","targetHints":{"allow":["GET"]}}],"collection":[{"href":"https:\/\/www.zeus-braun.sk\/index.php\/wp-json\/wp\/v2\/product"}],"about":[{"href":"https:\/\/www.zeus-braun.sk\/index.php\/wp-json\/wp\/v2\/types\/product"}],"replies":[{"embeddable":true,"href":"https:\/\/www.zeus-braun.sk\/index.php\/wp-json\/wp\/v2\/comments?post=15193"}],"wp:featuredmedia":[{"embeddable":true,"href":"https:\/\/www.zeus-braun.sk\/index.php\/wp-json\/wp\/v2\/media\/15192"}],"wp:attachment":[{"href":"https:\/\/www.zeus-braun.sk\/index.php\/wp-json\/wp\/v2\/media?parent=15193"}],"wp:term":[{"taxonomy":"product_brand","embeddable":true,"href":"https:\/\/www.zeus-braun.sk\/index.php\/wp-json\/wp\/v2\/product_brand?post=15193"},{"taxonomy":"product_cat","embeddable":true,"href":"https:\/\/www.zeus-braun.sk\/index.php\/wp-json\/wp\/v2\/product_cat?post=15193"},{"taxonomy":"product_tag","embeddable":true,"href":"https:\/\/www.zeus-braun.sk\/index.php\/wp-json\/wp\/v2\/product_tag?post=15193"}],"curies":[{"name":"wp","href":"https:\/\/api.w.org\/{rel}","templated":true}]}}