{"id":14552,"date":"2021-08-17T11:52:19","date_gmt":"2021-08-17T09:52:19","guid":{"rendered":"https:\/\/www.zeus-braun.sk\/index.php\/produkt\/poleva-mohrenglanz-1kg-2\/"},"modified":"2026-04-30T14:03:54","modified_gmt":"2026-04-30T12:03:54","slug":"poleva-mohrenglanz-1kg","status":"publish","type":"product","link":"https:\/\/www.zeus-braun.sk\/index.php\/produkt\/poleva-mohrenglanz-1kg\/","title":{"rendered":"Poleva kakaov\u00e1 Mohrenglanz 1kg"},"content":{"rendered":"<p>Kakaov\u00e1 poleva ide\u00e1lna na polievanie z\u00e1kuskov, tort a in\u00fdch cukr\u00e1rensk\u00fdch v\u00fdrobkov. Poleva vytv\u00e1ra leskl\u00fa, tenk\u00fa a chrumkav\u00fa vrstvu ktor\u00e1 je v\u00edtan\u00e1 na kr\u00e9me\u0161och, odpa\u013eovanom ceste \u010di r\u00f4znom pe\u010dive. Ur\u00fdch\u013euje proces dohotovovania v\u00fdrobkov a je extr\u00e9mne jednoduch\u00e1 na pr\u00edpravu.<\/p>\n<p><strong>N\u00e1vod na pou\u017eitie:\u00a0<\/strong>Po\u017eadovan\u00e9 mno\u017estvo produktu roztop\u00edme pomocou mikrovlnnej r\u00fary, m\u00f4\u017eeme pou\u017e\u00edva\u0165. Pre m\u00e4k\u0161iu konzistenciu a jednoduch\u0161ie kr\u00e1janie, odpor\u00fa\u010dame prida\u0165 do rozpustenej hmoty rastlinn\u00fd olej.<\/p>\n<p><strong>Podmienky spr\u00e1vneho skladovania:\u00a0<\/strong>Skladujte v suchu, v dobre uzatvorenom ide\u00e1lne origin\u00e1lnom obale, max do 20\u00b0C, zamedzte kontaktu s priamym zdrojom tepla a mrazu.<\/p>\n","protected":false},"excerpt":{"rendered":"<p>Pr\u00e9miov\u00e1 kakaov\u00e1 poleva nemeckej v\u00fdroby.<\/p>\n<p><strong>Balenie: 1kg<\/strong><\/p>\n","protected":false},"featured_media":14551,"comment_status":"open","ping_status":"closed","template":"","meta":[],"product_brand":[],"product_cat":[240,48],"product_tag":[],"class_list":{"0":"post-14552","1":"product","2":"type-product","3":"status-publish","4":"has-post-thumbnail","6":"product_cat-240","7":"product_cat-polevy","8":"has-post-title","9":"has-post-date","10":"has-post-category","11":"has-post-tag","12":"has-post-comment","13":"has-post-author","14":"","16":"first","17":"instock","18":"taxable","19":"shipping-taxable","20":"purchasable","21":"product-type-simple"},"jetpack_sharing_enabled":true,"builder_content":"","_links":{"self":[{"href":"https:\/\/www.zeus-braun.sk\/index.php\/wp-json\/wp\/v2\/product\/14552","targetHints":{"allow":["GET"]}}],"collection":[{"href":"https:\/\/www.zeus-braun.sk\/index.php\/wp-json\/wp\/v2\/product"}],"about":[{"href":"https:\/\/www.zeus-braun.sk\/index.php\/wp-json\/wp\/v2\/types\/product"}],"replies":[{"embeddable":true,"href":"https:\/\/www.zeus-braun.sk\/index.php\/wp-json\/wp\/v2\/comments?post=14552"}],"wp:featuredmedia":[{"embeddable":true,"href":"https:\/\/www.zeus-braun.sk\/index.php\/wp-json\/wp\/v2\/media\/14551"}],"wp:attachment":[{"href":"https:\/\/www.zeus-braun.sk\/index.php\/wp-json\/wp\/v2\/media?parent=14552"}],"wp:term":[{"taxonomy":"product_brand","embeddable":true,"href":"https:\/\/www.zeus-braun.sk\/index.php\/wp-json\/wp\/v2\/product_brand?post=14552"},{"taxonomy":"product_cat","embeddable":true,"href":"https:\/\/www.zeus-braun.sk\/index.php\/wp-json\/wp\/v2\/product_cat?post=14552"},{"taxonomy":"product_tag","embeddable":true,"href":"https:\/\/www.zeus-braun.sk\/index.php\/wp-json\/wp\/v2\/product_tag?post=14552"}],"curies":[{"name":"wp","href":"https:\/\/api.w.org\/{rel}","templated":true}]}}