{"id":13574,"date":"2024-06-18T10:27:43","date_gmt":"2024-06-18T08:27:43","guid":{"rendered":"https:\/\/www.zeus-braun.sk\/index.php\/produkt\/kurz-francuzske-dezerty-s-jozkou-zaukolcovou\/"},"modified":"2026-04-24T14:12:20","modified_gmt":"2026-04-24T12:12:20","slug":"kurz-francuzske-dezerty-s-jozkou-zaukolcovou-2-2","status":"publish","type":"product","link":"https:\/\/www.zeus-braun.sk\/index.php\/produkt\/kurz-francuzske-dezerty-s-jozkou-zaukolcovou-2-2\/","title":{"rendered":"Kurz: Franc\u00fazske dezerty s Jo\u017ekou Zaukolcovou 27.6.2026"},"content":{"rendered":"<p>V na\u0161ej Akad\u00e9mii, m\u00e1te pr\u00edle\u017eitos\u0165 sa u\u010di\u0165 len od t\u00fdch najlep\u0161\u00edch.<\/p>\n<p>V priebehu n\u00e1\u0161ho \u00faspe\u0161n\u00e9ho kurzu, z\u00edskate sk\u00fasenosti v pokro\u010dil\u00fdch technik\u00e1ch pr\u00e1ce s \u010dokol\u00e1dou. Ako ju spr\u00e1vne zapracova\u0165 do kr\u00e9mov, nad\u00fdchanej \u010dokol\u00e1dovej peny \u010di luxusnej lesklej polevy.<\/p>\n<p>Budete pracova\u0165 s netypick\u00fdmi korpusmi, vytvor\u00edte ovocn\u00e9 \u010di chrumkav\u00e9 orie\u0161kov\u00e9 vklady do va\u0161ej torty alebo monodezertu, dezerty polejete a ozdob\u00edte pod\u013ea va\u0161ej fant\u00e1zie a individu\u00e1lnej preferencie. Ako bonus si pre v\u00e1s \u0161kolite\u013eka pripravila uk\u00e1\u017eku v\u00fdroby z\u00e1kladn\u00fdch \u010dokol\u00e1dov\u00fdch ozd\u00f4b, ktor\u00e9 si individu\u00e1lne vysk\u00fa\u0161ate aj vy. Kurz ukon\u010d\u00edme uk\u00e1\u017ekou striekania niektor\u00fdch dezertov a ozd\u00f4b technikou airbrush s Velvet efektom. V\u0161etky sladk\u00e9 kre\u00e1cie sa rozdelia do degusta\u010dn\u00fdch krabi\u010diek ktor\u00e9 si vezmete domov. Kv\u00f4li \u010dasovej n\u00e1ro\u010dnosti sa pr\u00e1ca na dezertoch distribuuje do dvoj\u00edc, \u0161kolite\u013eka vysvet\u013euje a ukazuje komplikovanej\u0161ie postupy, inak pracujete samostatne pod\u013ea pripraven\u00fdch recept\u00far.<\/p>\n<p>Pre rezerv\u00e1ciu miesta na kurze, je nevyhnutn\u00e9 uhradi\u0165 objedn\u00e1vku vopred kartou, alebo prevodom na \u00fa\u010det.<br \/>\n*Kurz je kv\u00f4li n\u00e1ro\u010dnosti, a bezpe\u010dnosti pri pr\u00e1ci, <strong>iba pre \u00fa\u010dastn\u00edkov ktor\u00ed dov\u0155\u0161ili najmenej 17 rokov<\/strong><br \/>\n**Kurz vy\u017eaduje takmer celodenn\u00e9 st\u00e1tie a pohyb po \u0161t\u00fadiu, preto ho <strong>neodpor\u00fa\u010dame osob\u00e1m s obmedzenou mobilitou a tehotn\u00fdm \u017een\u00e1m<\/strong><\/p>\n<p><strong>V pr\u00edpade \u017ee kurz kupujete ako dar\u010dek, pros\u00edme zadajte do pozn\u00e1mky k objedn\u00e1vke meno obdarovanej osoby. Po vybaven\u00ed objedn\u00e1vky v\u00e1m na mail po\u0161leme <span style=\"color: #800000\">digit\u00e1lny dar\u010dekov\u00fd poukaz<\/span> na vytla\u010denie\/poslanie.<\/strong><\/p>\n<hr \/>\n<p>\u0160kolite\u013e: <strong>Jozef\u00edna Zaukolcov\u00e1, (<\/strong>asistent<strong> Romana Lagov\u00e1)<\/strong><br \/>\nTrvanie: <strong>7 hod\u00edn (9:00-16:00)<\/strong><br \/>\nPo\u010det \u00fa\u010dastn\u00edkov: <strong>8-12<\/strong><br \/>\nVekov\u00e1 hranica: <strong>od 17 rokov<\/strong><br \/>\nN\u00e1ro\u010dnos\u0165 kurzu: <strong>Stredne pokro\u010dil\u00fd<\/strong><br \/>\nTyp kurzu: <strong>Hands on &#8211; 100% praktick\u00fd<\/strong><br \/>\nKurz prebieha v na\u0161ej novej \u010cokol\u00e1dovej Akad\u00e9mii &#8211; Ovocn\u00e1 2, Bratislava-Jarovce<\/p>\n<p><strong>Okrem nov\u00fdch sk\u00fasenost\u00ed a skvelej n\u00e1lady sme pre v\u00e1s pripravili:<\/strong><br \/>\nSklad pln\u00fd t\u00fdch najlep\u0161\u00edch surov\u00edn<br \/>\n\u0160pi\u010dkov\u00e9 vybavenie \u010dokol\u00e1dovej akad\u00e9mie<br \/>\nV\u0161etky potrebn\u00e9 suroviny, pom\u00f4cky, aj ochrann\u00fd odev<br \/>\nOb\u010derstvenie vr\u00e1tane obeda<br \/>\nNealkoholick\u00e9 n\u00e1poje, \u010daj a k\u00e1vu<br \/>\nVa\u0161e vyroben\u00e9 produkty v\u00e1m zabal\u00edme domov<br \/>\nObdr\u017e\u00edte kompletn\u00e9 recept\u00fary v\u0161etk\u00fdch predv\u00e1dzan\u00fdch dezertov<br \/>\nZ\u00edskate diplom o absolvovan\u00ed kurzu<\/p>\n<p><strong>Zoznam dezertov\u00a0<\/strong><br \/>\n1. Torta s hru\u0161kov\u00fdm \u017eel\u00e9 s nug\u00e1tovo-\u010dokol\u00e1dov\u00fdm mousse a tmavou lesklou polevou<br \/>\n2. Svie\u017ei dezert s malinov\u00fdm vkladom, \u013eahk\u00fdm smotanov\u00fdm mousse a polevou z ruby \u010dokol\u00e1dy<br \/>\n3. Torta Tropic s Anan\u00e1sov\u00fdm \u017eel\u00e9 s kokosom, jemn\u00fd mango mousse a mlie\u010dnou mango glaz\u00farou<br \/>\n4. Lahodn\u00fd marhu\u013eov\u00fd dezert s vkladom z \u010diernych r\u00edbezl\u00ed a glaz\u00farou z mlie\u010dnej \u010dokol\u00e1dy<br \/>\n5. Torta s jahodov\u00fdm \u017eel\u00e9, pist\u00e1ciovo-mand\u013eovou gril\u00e1\u017eou, jemn\u00fdm kokosov\u00fdm mousse a bielou lesklou polevozu<br \/>\n6. Kakaov\u00e9 tartalettky s k\u00e1vov\u00fdm sirupom, \u010dokol\u00e1dov\u00fdm kr\u00e9mom a \u013eahk\u00fdm k\u00e1vov\u00fdm mousse<br \/>\n7. Vanilkov\u00e9 tartalettky s malinov\u00fdm \u017eel\u00e9, bielou ganache a malinov\u00fdm kr\u00e9mom<br \/>\n8. Choux au craquelin &#8211; mini vetern\u00ed\u010dky s chrumkav\u00fdm klob\u00fa\u010dikom plnen\u00e9 jablkov\u00fdm compote a jemnou karamelovou \u0161\u013eaha\u010dkou<\/p>\n<p><strong>Zak\u00fapen\u00fd produkt sa via\u017ee iba na uveden\u00fd term\u00edn a je neprenosn\u00fd. V pr\u00edpade \u017ee sa na kurz nem\u00f4\u017eete dostavi\u0165, a nen\u00e1jdete za seba n\u00e1hradu, kup\u00f3n na kurz v\u00e1m prepad\u00e1 bez n\u00e1roku na vr\u00e1tenie pe\u0148az\u00ed. Za pochopenie \u010fakujeme.<\/strong><\/p>\n<p><img loading=\"lazy\" decoding=\"async\" class=\"alignnone size-medium wp-image-16052\" src=\"https:\/\/www.cokolady.sk\/wp-content\/uploads\/2023\/08\/Untitled-528-225x300.jpg\" alt=\"\" width=\"225\" height=\"300\" \/>\u00a0\u00a0<img loading=\"lazy\" decoding=\"async\" class=\"alignnone size-medium wp-image-16051\" src=\"https:\/\/www.cokolady.sk\/wp-content\/uploads\/2023\/08\/Untitled-527-225x300.jpg\" alt=\"\" width=\"225\" height=\"300\" \/>\u00a0 \u00a0<img loading=\"lazy\" decoding=\"async\" class=\"alignnone size-medium wp-image-16060\" src=\"https:\/\/www.cokolady.sk\/wp-content\/uploads\/2023\/08\/Untitled-536-225x300.jpg\" alt=\"\" width=\"225\" height=\"300\" \/> \u00a0<img loading=\"lazy\" decoding=\"async\" class=\"alignnone size-medium wp-image-18386\" src=\"https:\/\/www.cokolady.sk\/wp-content\/uploads\/2024\/01\/IMG_0047-225x300.jpg\" alt=\"\" width=\"225\" height=\"300\" \/> \u00a0<img loading=\"lazy\" decoding=\"async\" class=\"alignnone size-medium wp-image-18401\" src=\"https:\/\/www.cokolady.sk\/wp-content\/uploads\/2024\/01\/IMG_7716-225x300.jpg\" alt=\"\" width=\"225\" height=\"300\" \/> \u00a0<img loading=\"lazy\" decoding=\"async\" class=\"alignnone size-medium wp-image-18400\" src=\"https:\/\/www.cokolady.sk\/wp-content\/uploads\/2024\/01\/IMG_7671-225x300.jpg\" alt=\"\" width=\"225\" height=\"300\" \/> \u00a0<img loading=\"lazy\" decoding=\"async\" class=\"alignnone size-medium wp-image-18395\" src=\"https:\/\/www.cokolady.sk\/wp-content\/uploads\/2024\/01\/IMG_7555-225x300.jpg\" alt=\"\" width=\"225\" height=\"300\" \/>\u00a0 \u00a0<img loading=\"lazy\" decoding=\"async\" class=\"alignnone size-medium wp-image-18398\" src=\"https:\/\/www.cokolady.sk\/wp-content\/uploads\/2024\/01\/IMG_7630-225x300.jpg\" alt=\"\" width=\"225\" height=\"300\" \/> \u00a0<img loading=\"lazy\" decoding=\"async\" class=\"alignnone size-medium wp-image-18402\" src=\"https:\/\/www.cokolady.sk\/wp-content\/uploads\/2024\/01\/IMG_7748-225x300.jpg\" alt=\"\" width=\"225\" height=\"300\" \/> \u00a0<img loading=\"lazy\" decoding=\"async\" class=\"alignnone size-medium wp-image-18403\" src=\"https:\/\/www.cokolady.sk\/wp-content\/uploads\/2024\/01\/IMG_7770-225x300.jpg\" alt=\"\" width=\"225\" height=\"300\" \/> \u00a0<img loading=\"lazy\" decoding=\"async\" class=\"alignnone size-medium wp-image-18407\" src=\"https:\/\/www.cokolady.sk\/wp-content\/uploads\/2024\/01\/IMG_7803-225x300.jpg\" alt=\"\" width=\"225\" height=\"300\" \/> \u00a0<img loading=\"lazy\" decoding=\"async\" class=\"alignnone size-medium wp-image-18406\" src=\"https:\/\/www.cokolady.sk\/wp-content\/uploads\/2024\/01\/IMG_7801-225x300.jpg\" alt=\"\" width=\"225\" height=\"300\" \/> \u00a0<img loading=\"lazy\" decoding=\"async\" class=\"alignnone size-medium wp-image-18405\" src=\"https:\/\/www.cokolady.sk\/wp-content\/uploads\/2024\/01\/IMG_7792-225x300.jpg\" alt=\"\" width=\"225\" height=\"300\" \/>\u00a0\u00a0<img loading=\"lazy\" decoding=\"async\" class=\"alignnone size-medium wp-image-18404\" src=\"https:\/\/www.cokolady.sk\/wp-content\/uploads\/2024\/01\/IMG_7786-225x300.jpg\" alt=\"\" width=\"225\" height=\"300\" \/> \u00a0<img loading=\"lazy\" decoding=\"async\" class=\"alignnone size-medium wp-image-18408\" src=\"https:\/\/www.cokolady.sk\/wp-content\/uploads\/2024\/01\/IMG_7794-225x300.jpg\" alt=\"\" width=\"225\" height=\"300\" \/><\/p>\n<p><img loading=\"lazy\" decoding=\"async\" class=\"alignnone wp-image-18388 size-full\" src=\"https:\/\/www.cokolady.sk\/wp-content\/uploads\/2024\/01\/IMG_6432-scaled.jpg\" alt=\"\" width=\"2560\" height=\"1920\" \/><\/p>\n<p>&nbsp;<\/p>\n","protected":false},"excerpt":{"rendered":"<p>V priebehu n\u00e1\u0161ho \u00faspe\u0161n\u00e9ho kurzu z\u00edskate inform\u00e1cie o pokro\u010dil\u00fdch technik\u00e1ch pr\u00e1ce s \u010dokol\u00e1dou. Ako ju spr\u00e1vne zapracova\u0165 do kr\u00e9mov, nad\u00fdchanej \u010dokol\u00e1dovej peny \u010di luxusnej lesklej polevy.<br \/>\n<span style=\"color: #ff0000\"><strong>Pre ve\u013ek\u00fd z\u00e1ujem, prid\u00e1vame \u010fal\u0161\u00ed term\u00edn!<\/strong><\/span><\/p>\n<p><strong>Viac o kurze si pre\u010d\u00edtate v popise ni\u017e\u0161ie.<\/strong><br \/>\n<span style=\"color: #ff9900\">Priestory akad\u00e9mie s\u00fa plne klimatizovan\u00e9 na 18 C\u00b0, odpor\u00fa\u010dame si prinies\u0165\u00a0 mikinu\/sveter.<\/span><\/p>\n","protected":false},"featured_media":13573,"comment_status":"open","ping_status":"closed","template":"","meta":[],"product_brand":[],"product_cat":[240,161,162,235],"product_tag":[],"class_list":{"0":"post-13574","1":"product","2":"type-product","3":"status-publish","4":"has-post-thumbnail","6":"product_cat-240","7":"product_cat-promo","8":"product_cat-odporucane_produkty","9":"product_cat-kurzy","10":"has-post-title","11":"has-post-date","12":"has-post-category","13":"has-post-tag","14":"has-post-comment","15":"has-post-author","16":"","18":"first","19":"instock","20":"virtual","21":"taxable","22":"purchasable","23":"product-type-simple"},"jetpack_sharing_enabled":true,"builder_content":"","_links":{"self":[{"href":"https:\/\/www.zeus-braun.sk\/index.php\/wp-json\/wp\/v2\/product\/13574","targetHints":{"allow":["GET"]}}],"collection":[{"href":"https:\/\/www.zeus-braun.sk\/index.php\/wp-json\/wp\/v2\/product"}],"about":[{"href":"https:\/\/www.zeus-braun.sk\/index.php\/wp-json\/wp\/v2\/types\/product"}],"replies":[{"embeddable":true,"href":"https:\/\/www.zeus-braun.sk\/index.php\/wp-json\/wp\/v2\/comments?post=13574"}],"wp:featuredmedia":[{"embeddable":true,"href":"https:\/\/www.zeus-braun.sk\/index.php\/wp-json\/wp\/v2\/media\/13573"}],"wp:attachment":[{"href":"https:\/\/www.zeus-braun.sk\/index.php\/wp-json\/wp\/v2\/media?parent=13574"}],"wp:term":[{"taxonomy":"product_brand","embeddable":true,"href":"https:\/\/www.zeus-braun.sk\/index.php\/wp-json\/wp\/v2\/product_brand?post=13574"},{"taxonomy":"product_cat","embeddable":true,"href":"https:\/\/www.zeus-braun.sk\/index.php\/wp-json\/wp\/v2\/product_cat?post=13574"},{"taxonomy":"product_tag","embeddable":true,"href":"https:\/\/www.zeus-braun.sk\/index.php\/wp-json\/wp\/v2\/product_tag?post=13574"}],"curies":[{"name":"wp","href":"https:\/\/api.w.org\/{rel}","templated":true}]}}