{"id":1351,"date":"2022-02-16T12:22:29","date_gmt":"2022-02-16T11:22:29","guid":{"rendered":"https:\/\/www.zeus-braun.sk\/?post_type=product&#038;p=1351"},"modified":"2026-04-30T14:08:40","modified_gmt":"2026-04-30T12:08:40","slug":"f030362-true-love-12ks","status":"publish","type":"product","link":"https:\/\/www.zeus-braun.sk\/index.php\/produkt\/f030362-true-love-12ks\/","title":{"rendered":"F\u00f3lia na l\u00edzatk\u00e1 Valent\u00edn True Love 12ks F032694"},"content":{"rendered":"<p>Transfer na v\u00fdrobu \u010dokol\u00e1dov\u00fdch l\u00edzaniek s r\u00f4znymi romantick\u00fdmi v\u00fdtla\u010dkami na b\u00e1ze farebn\u00e9ho cukru.<\/p>\n<p>Tip na Valent\u00edn.<\/p>\n<p>F\u00f3lia je ur\u010den\u00e1 do magnetickej formy srdce<\/p>\n<p><img loading=\"lazy\" decoding=\"async\" class=\"alignnone size-medium wp-image-5644\" src=\"https:\/\/www.cokolady.sk\/wp-content\/uploads\/2021\/05\/F000158-300x300.png\" alt=\"\" width=\"300\" height=\"300\" \/><\/p>\n<p>&nbsp;<\/p>\n<!--themify_builder_content-->\n<div id=\"themify_builder_content-1351\" data-postid=\"1351\" class=\"themify_builder_content themify_builder_content-1351 themify_builder tf_clear\">\n    <\/div>\n<!--\/themify_builder_content-->\n","protected":false},"excerpt":{"rendered":"<p>Potla\u010dov\u00e1 f\u00f3lia na \u010dokol\u00e1du.<\/p>\n<p>5 ks na jednej f\u00f3lii<\/p>\n<p><strong>Balenie<\/strong>: 12ks f\u00f3li\u00ed<\/p>\n","protected":false},"featured_media":11164,"comment_status":"open","ping_status":"closed","template":"","meta":[],"product_brand":[],"product_cat":[240,126,106,109],"product_tag":[95],"class_list":{"0":"post-1351","1":"product","2":"type-product","3":"status-publish","4":"has-post-thumbnail","6":"product_cat-240","7":"product_cat-valentin","8":"product_cat-folie","9":"product_cat-folie-na-lizatka","10":"product_tag-ibc-belgium","11":"has-post-title","12":"has-post-date","13":"has-post-category","14":"has-post-tag","15":"has-post-comment","16":"has-post-author","17":"","19":"first","20":"instock","21":"sale","22":"taxable","23":"shipping-taxable","24":"purchasable","25":"product-type-simple"},"jetpack_sharing_enabled":true,"builder_content":"","_links":{"self":[{"href":"https:\/\/www.zeus-braun.sk\/index.php\/wp-json\/wp\/v2\/product\/1351","targetHints":{"allow":["GET"]}}],"collection":[{"href":"https:\/\/www.zeus-braun.sk\/index.php\/wp-json\/wp\/v2\/product"}],"about":[{"href":"https:\/\/www.zeus-braun.sk\/index.php\/wp-json\/wp\/v2\/types\/product"}],"replies":[{"embeddable":true,"href":"https:\/\/www.zeus-braun.sk\/index.php\/wp-json\/wp\/v2\/comments?post=1351"}],"wp:featuredmedia":[{"embeddable":true,"href":"https:\/\/www.zeus-braun.sk\/index.php\/wp-json\/wp\/v2\/media\/11164"}],"wp:attachment":[{"href":"https:\/\/www.zeus-braun.sk\/index.php\/wp-json\/wp\/v2\/media?parent=1351"}],"wp:term":[{"taxonomy":"product_brand","embeddable":true,"href":"https:\/\/www.zeus-braun.sk\/index.php\/wp-json\/wp\/v2\/product_brand?post=1351"},{"taxonomy":"product_cat","embeddable":true,"href":"https:\/\/www.zeus-braun.sk\/index.php\/wp-json\/wp\/v2\/product_cat?post=1351"},{"taxonomy":"product_tag","embeddable":true,"href":"https:\/\/www.zeus-braun.sk\/index.php\/wp-json\/wp\/v2\/product_tag?post=1351"}],"curies":[{"name":"wp","href":"https:\/\/api.w.org\/{rel}","templated":true}]}}