{"id":12618,"date":"2023-03-13T11:21:57","date_gmt":"2023-03-13T10:21:57","guid":{"rendered":"https:\/\/www.zeus-braun.sk\/index.php\/produkt\/plnka-cara-crakine-1kg-2\/"},"modified":"2026-04-24T14:12:18","modified_gmt":"2026-04-24T12:12:18","slug":"plnka-cara-crakine-1kg-2","status":"publish","type":"product","link":"https:\/\/www.zeus-braun.sk\/index.php\/produkt\/plnka-cara-crakine-1kg-2\/","title":{"rendered":"Cara Crakine &#8211; karamel. plnka 1kg"},"content":{"rendered":"<div class=\"col-sm-8\">\n<div class=\"tab-content\">\n<div id=\"tab-description\" class=\"tab-pane active\">\n<p>Gurm\u00e1nska zmes s \u010dokol\u00e1dou z karamelov\u00e9ho mlieka (34,5%) a opekanou obilnou z\u00e1klad\u0148ou.\u00a0Jeho text\u00fara je pripraven\u00e1 na okam\u017eit\u00e9 pou\u017eitie.<\/p>\n<p>&nbsp;<\/p>\n<p><span style=\"font-family: Arial\"><b>Podmienky skladovania:<\/b><\/span><\/p>\n<p><span style=\"font-family: Arial\">skladova\u0165 do max. 20 \u00b0 C v suchom, uzavretom priestore, v p\u00f4vodnom obale, chr\u00e1\u0148te pred mrazom a priamym slne\u010dn\u00fdm svetlom.<\/span><\/p>\n<\/div>\n<\/div>\n<\/div>\n","protected":false},"excerpt":{"rendered":"<p>C<span style=\"font-family: Arial\">hrumkav\u00e1 karamelov\u00e1 plnka s mlie\u010dinou \u010dokol\u00e1dou zo srdca Belgicka od profesion\u00e1lov.<\/span><\/p>\n<p><b>Balenie: 1 kg<\/b><\/p>\n<p>&nbsp;<\/p>\n","protected":false},"featured_media":11078,"comment_status":"closed","ping_status":"closed","template":"","meta":[],"product_brand":[],"product_cat":[240,229,47],"product_tag":[57],"class_list":{"0":"post-12618","1":"product","2":"type-product","3":"status-publish","4":"has-post-thumbnail","6":"product_cat-240","7":"product_cat-hotove-plnky","8":"product_cat-plnky-do-praliniek","9":"product_tag-barry-callebaut","10":"has-post-title","11":"has-post-date","12":"has-post-category","13":"has-post-tag","14":"has-post-comment","15":"has-post-author","16":"","18":"first","19":"instock","20":"taxable","21":"shipping-taxable","22":"purchasable","23":"product-type-simple"},"jetpack_sharing_enabled":true,"builder_content":"","_links":{"self":[{"href":"https:\/\/www.zeus-braun.sk\/index.php\/wp-json\/wp\/v2\/product\/12618","targetHints":{"allow":["GET"]}}],"collection":[{"href":"https:\/\/www.zeus-braun.sk\/index.php\/wp-json\/wp\/v2\/product"}],"about":[{"href":"https:\/\/www.zeus-braun.sk\/index.php\/wp-json\/wp\/v2\/types\/product"}],"replies":[{"embeddable":true,"href":"https:\/\/www.zeus-braun.sk\/index.php\/wp-json\/wp\/v2\/comments?post=12618"}],"wp:featuredmedia":[{"embeddable":true,"href":"https:\/\/www.zeus-braun.sk\/index.php\/wp-json\/wp\/v2\/media\/11078"}],"wp:attachment":[{"href":"https:\/\/www.zeus-braun.sk\/index.php\/wp-json\/wp\/v2\/media?parent=12618"}],"wp:term":[{"taxonomy":"product_brand","embeddable":true,"href":"https:\/\/www.zeus-braun.sk\/index.php\/wp-json\/wp\/v2\/product_brand?post=12618"},{"taxonomy":"product_cat","embeddable":true,"href":"https:\/\/www.zeus-braun.sk\/index.php\/wp-json\/wp\/v2\/product_cat?post=12618"},{"taxonomy":"product_tag","embeddable":true,"href":"https:\/\/www.zeus-braun.sk\/index.php\/wp-json\/wp\/v2\/product_tag?post=12618"}],"curies":[{"name":"wp","href":"https:\/\/api.w.org\/{rel}","templated":true}]}}