{"id":1135,"date":"2021-05-26T11:50:31","date_gmt":"2021-05-26T09:50:31","guid":{"rendered":"https:\/\/www.zeus-braun.sk\/?post_type=product&#038;p=1135"},"modified":"2026-04-24T14:10:25","modified_gmt":"2026-04-24T12:10:25","slug":"sacher-special-zmes-1kg","status":"publish","type":"product","link":"https:\/\/www.zeus-braun.sk\/index.php\/produkt\/sacher-special-zmes-1kg\/","title":{"rendered":"Sacher Special-Mix 1kg n\u00e1hradn\u00e9 balenie"},"content":{"rendered":"<p>&nbsp;<\/p>\n<p><b>Z\u00e1kladn\u00fd recept:<\/b><\/p>\n<p>700 g Sacher<\/p>\n<p>300 g vajcia<\/p>\n<p>50 g voda<\/p>\n<p>V\u0161etky suroviny spolu vymie\u0161a\u0165 pribli\u017ene 6 min\u00fat. Piec\u0165 pri teplote 180\u00b0C cca 55\u00a0 min.<\/p>\n<p><b>Podmienky skladovania:<\/b><\/p>\n<p>skladova\u0165 do max. 20 \u00b0 C v suchom, uzavretom priestore, v p\u00f4vodnom obale, chr\u00e1\u0148te pred mrazom a priamym slne\u010dn\u00fdm svetlom.<\/p>\n<div><\/div>\n","protected":false},"excerpt":{"rendered":"<p>Jemn\u00e1 pr\u00e1\u0161kov\u00e1 pek\u00e1rska zmes na v\u00fdrobu Sachertorty, roliek a in\u00fdch cukr\u00e1rskych v\u00fdrobkov.<\/p>\n<p><b>Balenie: 10kg<\/b><\/p>\n<div><\/div>\n","protected":false},"featured_media":12831,"comment_status":"closed","ping_status":"closed","template":"","meta":[],"product_brand":[],"product_cat":[240,224,31],"product_tag":[33],"class_list":{"0":"post-1135","1":"product","2":"type-product","3":"status-publish","4":"has-post-thumbnail","6":"product_cat-240","7":"product_cat-frontpage","8":"product_cat-zmesi-na-pecenie","9":"product_tag-martin-braun-kg","10":"has-post-title","11":"has-post-date","12":"has-post-category","13":"has-post-tag","14":"has-post-comment","15":"has-post-author","16":"","18":"first","19":"outofstock","20":"taxable","21":"shipping-taxable","22":"purchasable","23":"product-type-simple"},"jetpack_sharing_enabled":true,"builder_content":"","_links":{"self":[{"href":"https:\/\/www.zeus-braun.sk\/index.php\/wp-json\/wp\/v2\/product\/1135","targetHints":{"allow":["GET"]}}],"collection":[{"href":"https:\/\/www.zeus-braun.sk\/index.php\/wp-json\/wp\/v2\/product"}],"about":[{"href":"https:\/\/www.zeus-braun.sk\/index.php\/wp-json\/wp\/v2\/types\/product"}],"replies":[{"embeddable":true,"href":"https:\/\/www.zeus-braun.sk\/index.php\/wp-json\/wp\/v2\/comments?post=1135"}],"wp:featuredmedia":[{"embeddable":true,"href":"https:\/\/www.zeus-braun.sk\/index.php\/wp-json\/wp\/v2\/media\/12831"}],"wp:attachment":[{"href":"https:\/\/www.zeus-braun.sk\/index.php\/wp-json\/wp\/v2\/media?parent=1135"}],"wp:term":[{"taxonomy":"product_brand","embeddable":true,"href":"https:\/\/www.zeus-braun.sk\/index.php\/wp-json\/wp\/v2\/product_brand?post=1135"},{"taxonomy":"product_cat","embeddable":true,"href":"https:\/\/www.zeus-braun.sk\/index.php\/wp-json\/wp\/v2\/product_cat?post=1135"},{"taxonomy":"product_tag","embeddable":true,"href":"https:\/\/www.zeus-braun.sk\/index.php\/wp-json\/wp\/v2\/product_tag?post=1135"}],"curies":[{"name":"wp","href":"https:\/\/api.w.org\/{rel}","templated":true}]}}