{"id":11249,"date":"2023-01-19T14:55:19","date_gmt":"2023-01-19T13:55:19","guid":{"rendered":"https:\/\/www.zeus-braun.sk\/index.php\/produkt\/cremas-horka-cokoladova-napln-811-1kg\/"},"modified":"2026-04-24T14:12:13","modified_gmt":"2026-04-24T12:12:13","slug":"cremas-horka-cokoladova-napln-811-1kg","status":"publish","type":"product","link":"https:\/\/www.zeus-braun.sk\/index.php\/produkt\/cremas-horka-cokoladova-napln-811-1kg\/","title":{"rendered":"Cremas 811 hork\u00fd \u010dokol\u00e1dov\u00fd kr\u00e9m 1kg"},"content":{"rendered":"<p><strong>\u010cokol\u00e1dov\u00e1 n\u00e1pl\u0148 s pr\u00edchu\u0165ou horkej \u010dokol\u00e1dy 811 Callebaut. <\/strong>Vychutnajte si intenz\u00edvnu a bohat\u00fa chu\u0165 kakaa v spojen\u00ed s delik\u00e1tnou dohrou vanilky, tak ako ste zvyknut\u00ed u klasickej horkej \u010dokol\u00e1dy Callebaut 811. Je v\u00fdhradne z pr\u00edrodn\u00fdch ingredienci\u00ed a kompletne bez lepku, farb\u00edv a umel\u00fdch ar\u00f3m.<\/p>\n<p>Predstavujeme v\u00e1m exkluz\u00edvnu novinku z dielne Callebaut! Bohat\u00e9 a kr\u00e9mov\u00e9 n\u00e1plne, jednoduch\u00e9 na pou\u017eitie. Je na v\u00e1s \u010di ich budete strieka\u0165, plni\u0165, natiera\u0165, nam\u00e1\u010da\u0165, ochucova\u0165 alebo nimi dekorova\u0165 r\u00f4zne v\u00fdrobky po upe\u010den\u00ed. S\u00fa najvhodnej\u0161ie do upe\u010den\u00fdch croissantov, \u0161i\u0161iek, eclairs, in\u00e9ho kysnut\u00e9ho \u010di l\u00edstkov\u00e9ho pe\u010diva, alebo aj na potieranie a zdobenie v\u00fdrobkov z odpa\u013eovan\u00e9ho cesta po upe\u010den\u00ed. Tie\u017e s\u00fa vhodn\u00e9 na striekanie ako ochuten\u00fd z\u00e1klad od tartalettiek \u010di poh\u00e1rikov\u00fdch dezertov.<\/p>\n<p><strong>\u010co Cremas pon\u00fakaj\u00fa?<\/strong><\/p>\n<ul>\n<li>Vy\u0161\u0161\u00ed \u0161tandard unik\u00e1tnej chuti n\u00e1pln\u00ed<\/li>\n<li>Kr\u00e9mov\u00e1 text\u00fara produktu izbovej teploty, vhodn\u00e1 k okam\u017eit\u00e9mu pou\u017eitiu<\/li>\n<li>V\u0161etky ingrediencie z pr\u00edrodn\u00fdch zdrojov<\/li>\n<\/ul>\n<p><strong>N\u00e1vod na pou\u017eitie: <\/strong>D\u00f4kladne zamie\u0161a\u0165 &#8211; naplni\u0165 cukr\u00e1rske vrecko &#8211; m\u00f4\u017eete rovno strieka\u0165\/plni\u0165\/potiera\u0165. Nie je potrebn\u00e9 ni\u010d zohrieva\u0165, \u0161\u013eaha\u0165, ani vopred pripravova\u0165.<\/p>\n<p><strong>Skladovanie:\u00a0<\/strong>Skladujte v \u010distom a suchom prostred\u00ed (15-20 \u00b0C). Pri manipul\u00e1cii s produktom v\u017edy pou\u017e\u00edvajte \u010dist\u00e9 pom\u00f4cky aby sa nekontaminoval obsah balenia, \u010do m\u00f4\u017ee ma\u0165 za n\u00e1sledok krat\u0161iu trvanlivos\u0165 produktu.\u00a0 Neskladujte v chladni\u010dke, ani v mrazni\u010dke!\u00a0 Je \u00faplne norm\u00e1lne \u017ee pri dlh\u0161om skladovan\u00ed sa m\u00f4\u017ee na povrchu produktu vyzr\u00e1\u017ea\u0165 vrstva oleja, sta\u010d\u00ed plnku pred pou\u017eit\u00edm d\u00f4kladne premie\u0161a\u0165. Ni\u017e\u0161ie teploty produktu neubl\u00ed\u017eia, v pr\u00edpade \u017ee sa vykry\u0161talizuj\u00fa tuky na povrchu produktu alebo jeho obalu, ve\u013emi opatrne produkt zohrejte a dobre premie\u0161ajte. Neodpor\u00fa\u010dame plnky zohrieva\u0165 na vy\u0161\u0161ie teploty, m\u00f4\u017ee d\u00f4js\u0165 k strate vlastnost\u00ed produktu.<\/p>\n","protected":false},"excerpt":{"rendered":"<p><strong>\u010cokol\u00e1dov\u00e1 n\u00e1pl\u0148 s pr\u00edchu\u0165ou Horkej \u010dokol\u00e1dy Callebaut. <\/strong>Vychutnajte si intenz\u00edvnu a bohat\u00fa chu\u0165 kakaa v spojen\u00ed s delik\u00e1tnou dohrou vanilky, tak ako ste zvyknut\u00ed u klasickej horkej \u010dokol\u00e1dy Callebaut 811.<\/p>\n<p><strong>Balenie 1kg<\/strong><\/p>\n<p>DOD\u00c1VAME V N\u00c1HRADNOM BALEN\u00cd, ORIGIN\u00c1L BALENIE &#8211; 5kg<\/p>\n","protected":false},"featured_media":11173,"comment_status":"open","ping_status":"closed","template":"","meta":[],"product_brand":[],"product_cat":[240,142,43,49],"product_tag":[57],"class_list":{"0":"post-11249","1":"product","2":"type-product","3":"status-publish","4":"has-post-thumbnail","6":"product_cat-240","7":"product_cat-cremas","8":"product_cat-kremy-a-plnky","9":"product_cat-hotove-kremy","10":"product_tag-barry-callebaut","11":"has-post-title","12":"has-post-date","13":"has-post-category","14":"has-post-tag","15":"has-post-comment","16":"has-post-author","17":"","19":"first","20":"outofstock","21":"taxable","22":"shipping-taxable","23":"purchasable","24":"product-type-simple"},"jetpack_sharing_enabled":true,"builder_content":"","_links":{"self":[{"href":"https:\/\/www.zeus-braun.sk\/index.php\/wp-json\/wp\/v2\/product\/11249","targetHints":{"allow":["GET"]}}],"collection":[{"href":"https:\/\/www.zeus-braun.sk\/index.php\/wp-json\/wp\/v2\/product"}],"about":[{"href":"https:\/\/www.zeus-braun.sk\/index.php\/wp-json\/wp\/v2\/types\/product"}],"replies":[{"embeddable":true,"href":"https:\/\/www.zeus-braun.sk\/index.php\/wp-json\/wp\/v2\/comments?post=11249"}],"wp:featuredmedia":[{"embeddable":true,"href":"https:\/\/www.zeus-braun.sk\/index.php\/wp-json\/wp\/v2\/media\/11173"}],"wp:attachment":[{"href":"https:\/\/www.zeus-braun.sk\/index.php\/wp-json\/wp\/v2\/media?parent=11249"}],"wp:term":[{"taxonomy":"product_brand","embeddable":true,"href":"https:\/\/www.zeus-braun.sk\/index.php\/wp-json\/wp\/v2\/product_brand?post=11249"},{"taxonomy":"product_cat","embeddable":true,"href":"https:\/\/www.zeus-braun.sk\/index.php\/wp-json\/wp\/v2\/product_cat?post=11249"},{"taxonomy":"product_tag","embeddable":true,"href":"https:\/\/www.zeus-braun.sk\/index.php\/wp-json\/wp\/v2\/product_tag?post=11249"}],"curies":[{"name":"wp","href":"https:\/\/api.w.org\/{rel}","templated":true}]}}