{"id":11030,"date":"2020-10-14T15:28:11","date_gmt":"2020-10-14T13:28:11","guid":{"rendered":"https:\/\/www.zeus-braun.sk\/index.php\/produkt\/lyofilizovane-maliny-50g-2\/"},"modified":"2026-04-30T14:05:21","modified_gmt":"2026-04-30T12:05:21","slug":"lyofilizovane-maliny-50g","status":"publish","type":"product","link":"https:\/\/www.zeus-braun.sk\/index.php\/produkt\/lyofilizovane-maliny-50g\/","title":{"rendered":"Maliny lyofilizovan\u00e9 50g"},"content":{"rendered":"<p>Lyofilizovan\u00e9 maliny (cel\u00e9) su vynikaj\u00facim doplnkom pre va\u0161e \u010dokol\u00e1dov\u00e9 tabu\u013eky, pralinky, na dekor\u00e1ciu t\u00f4rt, doplnok \u0161portovej v\u00fd\u017eivy a m\u00fcsli.<\/p>\n<p>Na ilustra\u010dnej fotografii je 100g \u010dokol\u00e1dov\u00e1 tabli\u010dka s\u00a02g\u00a0lyofilizovan\u00e9ho ovocia.<\/p>\n<p>50g posta\u010duje pribli\u017ene na 25ks tabuliek.<\/p>\n<p><b>Podmienky skladovania:<\/b><\/p>\n<p><span style=\"font-family: arial, helvetica, sans-serif\">pri chladom a suchom skladovan\u00ed ( do 20\u00b0C, do 65% relat\u00edvnej\u00a0vlhkosti) v p\u00f4vodnom\u00a0obale.<\/span><\/p>\n","protected":false},"excerpt":{"rendered":"<p style=\"font-weight: 400\">Chrumkav\u00e9 su\u0161en\u00e9 cel\u00e9 maliny<\/p>\n<p style=\"font-weight: 400\"><b><strong>Balenie: 50 g<\/strong><\/b><\/p>\n","protected":false},"featured_media":11031,"comment_status":"closed","ping_status":"closed","template":"","meta":[],"product_brand":[],"product_cat":[239,126,156,55,88],"product_tag":[],"class_list":{"0":"post-11030","1":"product","2":"type-product","3":"status-publish","4":"has-post-thumbnail","6":"product_cat-239","7":"product_cat-valentin","8":"product_cat-akcia_velka_noc","9":"product_cat-posypy-a-dekoracie","10":"product_cat-lyofilizovane-ovocie","11":"has-post-title","12":"has-post-date","13":"has-post-category","14":"has-post-tag","15":"has-post-comment","16":"has-post-author","17":"","19":"first","20":"instock","21":"taxable","22":"shipping-taxable","23":"purchasable","24":"product-type-simple"},"jetpack_sharing_enabled":true,"builder_content":"","_links":{"self":[{"href":"https:\/\/www.zeus-braun.sk\/index.php\/wp-json\/wp\/v2\/product\/11030","targetHints":{"allow":["GET"]}}],"collection":[{"href":"https:\/\/www.zeus-braun.sk\/index.php\/wp-json\/wp\/v2\/product"}],"about":[{"href":"https:\/\/www.zeus-braun.sk\/index.php\/wp-json\/wp\/v2\/types\/product"}],"replies":[{"embeddable":true,"href":"https:\/\/www.zeus-braun.sk\/index.php\/wp-json\/wp\/v2\/comments?post=11030"}],"wp:featuredmedia":[{"embeddable":true,"href":"https:\/\/www.zeus-braun.sk\/index.php\/wp-json\/wp\/v2\/media\/11031"}],"wp:attachment":[{"href":"https:\/\/www.zeus-braun.sk\/index.php\/wp-json\/wp\/v2\/media?parent=11030"}],"wp:term":[{"taxonomy":"product_brand","embeddable":true,"href":"https:\/\/www.zeus-braun.sk\/index.php\/wp-json\/wp\/v2\/product_brand?post=11030"},{"taxonomy":"product_cat","embeddable":true,"href":"https:\/\/www.zeus-braun.sk\/index.php\/wp-json\/wp\/v2\/product_cat?post=11030"},{"taxonomy":"product_tag","embeddable":true,"href":"https:\/\/www.zeus-braun.sk\/index.php\/wp-json\/wp\/v2\/product_tag?post=11030"}],"curies":[{"name":"wp","href":"https:\/\/api.w.org\/{rel}","templated":true}]}}