{"id":104,"date":"2020-10-14T15:26:31","date_gmt":"2020-10-14T13:26:31","guid":{"rendered":"https:\/\/www.zeus-braun.sk\/?post_type=product&#038;p=104"},"modified":"2026-04-24T14:11:31","modified_gmt":"2026-04-24T12:11:31","slug":"dp-citron","status":"publish","type":"product","link":"https:\/\/www.zeus-braun.sk\/index.php\/produkt\/dp-citron\/","title":{"rendered":"Dezert pasta Citr\u00f3n"},"content":{"rendered":"<div>\n<div>Aroma vo forme pasty vyrobenej z koncentr\u00e1tu citr\u00f3novej \u0161\u0165avy.<\/div>\n<\/div>\n<div>Dezertn\u00e9 pasty s\u00fa ur\u010den\u00e9 na dochucovanie plniek, \u0161\u013eaha\u010diek, cesta, zmrzl\u00edn, mie\u0161an\u00fdch poh\u00e1rov.<\/div>\n<div>S\u00fa vyroben\u00e9 na pr\u00edrodnej b\u00e1ze bez chemick\u00fdch konzervantov. Obsahuje k\u00fasky ovocia.<\/div>\n<div>\n<pre id=\"tw-target-text\" class=\"tw-data-text tw-text-large tw-ta\" data-placeholder=\"Preklad\"><span lang=\"sk\">D\u00e1vkovanie: 40 - 60: 1000<\/span><\/pre>\n<\/div>\n<p><b>Podmienky skladovania:<\/b><\/p>\n<p>skladova\u0165 do max. 20 \u00b0 C v suchom, uzavretom priestore, v p\u00f4vodnom obale, chr\u00e1\u0148te pred mrazom a priamym slne\u010dn\u00fdm svetlom.<\/p>\n","protected":false},"excerpt":{"rendered":"<div>\n<div>Aroma vo forme pasty vyrobenej z koncentr\u00e1tu citr\u00f3novej \u0161\u0165avy.<\/div>\n<\/div>\n<div>Dezertn\u00e9 pasty s\u00fa ur\u010den\u00e9 na dochucovanie plniek, \u0161\u013eaha\u010diek, cesta, zmrzl\u00edn, mie\u0161an\u00fdch poh\u00e1rov.<\/div>\n<div>S\u00fa vyroben\u00e9 na pr\u00edrodnej b\u00e1ze bez chemick\u00fdch konzervantov. Obsahuje k\u00fasky ovocia.<\/div>\n<div><\/div>\n<div><b>Balenie: 1kg<\/b><\/div>\n<p>&nbsp;<\/p>\n","protected":false},"featured_media":14455,"comment_status":"closed","ping_status":"closed","template":"","meta":[],"product_brand":[],"product_cat":[240,45],"product_tag":[33],"class_list":{"0":"post-104","1":"product","2":"type-product","3":"status-publish","4":"has-post-thumbnail","6":"product_cat-240","7":"product_cat-dezertne-pasty","8":"product_tag-martin-braun-kg","9":"has-post-title","10":"has-post-date","11":"has-post-category","12":"has-post-tag","13":"has-post-comment","14":"has-post-author","15":"","17":"first","18":"instock","19":"taxable","20":"shipping-taxable","21":"purchasable","22":"product-type-simple"},"jetpack_sharing_enabled":true,"builder_content":"","_links":{"self":[{"href":"https:\/\/www.zeus-braun.sk\/index.php\/wp-json\/wp\/v2\/product\/104","targetHints":{"allow":["GET"]}}],"collection":[{"href":"https:\/\/www.zeus-braun.sk\/index.php\/wp-json\/wp\/v2\/product"}],"about":[{"href":"https:\/\/www.zeus-braun.sk\/index.php\/wp-json\/wp\/v2\/types\/product"}],"replies":[{"embeddable":true,"href":"https:\/\/www.zeus-braun.sk\/index.php\/wp-json\/wp\/v2\/comments?post=104"}],"wp:featuredmedia":[{"embeddable":true,"href":"https:\/\/www.zeus-braun.sk\/index.php\/wp-json\/wp\/v2\/media\/14455"}],"wp:attachment":[{"href":"https:\/\/www.zeus-braun.sk\/index.php\/wp-json\/wp\/v2\/media?parent=104"}],"wp:term":[{"taxonomy":"product_brand","embeddable":true,"href":"https:\/\/www.zeus-braun.sk\/index.php\/wp-json\/wp\/v2\/product_brand?post=104"},{"taxonomy":"product_cat","embeddable":true,"href":"https:\/\/www.zeus-braun.sk\/index.php\/wp-json\/wp\/v2\/product_cat?post=104"},{"taxonomy":"product_tag","embeddable":true,"href":"https:\/\/www.zeus-braun.sk\/index.php\/wp-json\/wp\/v2\/product_tag?post=104"}],"curies":[{"name":"wp","href":"https:\/\/api.w.org\/{rel}","templated":true}]}}